{"id":211,"date":"2021-11-26T09:50:50","date_gmt":"2021-11-26T09:50:50","guid":{"rendered":"https:\/\/plaza-tirana.ms.decms.eu\/odalar-ve-suitler\/spa-suite\/"},"modified":"2021-11-26T12:33:23","modified_gmt":"2021-11-26T12:33:23","slug":"suitler-spa","status":"publish","type":"page","link":"https:\/\/www.plazatirana.com\/tr\/odalar-ve-suitler\/suitler-spa\/","title":{"rendered":"S\u00fcitler SPA"},"content":{"rendered":"<p>Huzurun son g\u00f6rg\u00fcne girin. Hayat\u0131n\u0131zda istedi\u011finiz S\u00fcitler SPA tam o\u2019dur. Memnuniyet bir vahada, sizin \u00f6zel Jacuzzi olan bir s\u00fcitte, heyecan du\u015flar ve buhar odalarda kal\u0131n.<\/p>\n","protected":false},"excerpt":{"rendered":"<p>Huzurun son g\u00f6rg\u00fcne girin. Hayat\u0131n\u0131zda istedi\u011finiz S\u00fcitler SPA tam o\u2019dur. Memnuniyet bir vahada, sizin \u00f6zel Jacuzzi olan bir s\u00fcitte, heyecan du\u015flar ve buhar odalarda kal\u0131n.<\/p>\n","protected":false},"author":7,"featured_media":0,"parent":102,"menu_order":5,"comment_status":"closed","ping_status":"closed","template":"template-single-room.php","meta":{"footnotes":""},"class_list":["post-211","page","type-page","status-publish","hentry"],"yoast_head":"<!-- This site is optimized with the Yoast SEO plugin v26.9 - https:\/\/yoast.com\/product\/yoast-seo-wordpress\/ -->\n<title>S\u00fcitler SPA &#8212; Maritim Hotel Plaza Tirana &#8212;<\/title>\n<meta name=\"description\" content=\"Huzurun son g\u00f6rg\u00fcne girin. Hayat\u0131n\u0131zda istedi\u011finiz S\u00fcitler SPA tam o\u2019dur\" \/>\n<meta name=\"robots\" content=\"index, follow, max-snippet:-1, max-image-preview:large, max-video-preview:-1\" \/>\n<link rel=\"canonical\" href=\"https:\/\/www.plazatirana.com\/tr\/odalar-ve-suitler\/suitler-spa\/\" \/>\n<meta property=\"og:locale\" content=\"tr_TR\" \/>\n<meta property=\"og:type\" content=\"article\" \/>\n<meta property=\"og:title\" content=\"S\u00fcitler SPA &#8212; Maritim Hotel Plaza Tirana &#8212;\" \/>\n<meta property=\"og:description\" content=\"Huzurun son g\u00f6rg\u00fcne girin. Hayat\u0131n\u0131zda istedi\u011finiz S\u00fcitler SPA tam o\u2019dur\" \/>\n<meta property=\"og:url\" content=\"https:\/\/www.plazatirana.com\/tr\/odalar-ve-suitler\/suitler-spa\/\" \/>\n<meta property=\"og:site_name\" content=\"Maritim Hotel Plaza Tirana\" \/>\n<meta property=\"article:modified_time\" content=\"2021-11-26T12:33:23+00:00\" \/>\n<meta name=\"twitter:card\" content=\"summary_large_image\" \/>\n<script type=\"application\/ld+json\" class=\"yoast-schema-graph\">{\"@context\":\"https:\/\/schema.org\",\"@graph\":[{\"@type\":\"WebPage\",\"@id\":\"https:\/\/www.plazatirana.com\/tr\/odalar-ve-suitler\/suitler-spa\/\",\"url\":\"https:\/\/www.plazatirana.com\/tr\/odalar-ve-suitler\/suitler-spa\/\",\"name\":\"S\u00fcitler SPA &#8212; Maritim Hotel Plaza Tirana &#8212;\",\"isPartOf\":{\"@id\":\"https:\/\/www.plazatirana.com\/tr\/#website\"},\"datePublished\":\"2021-11-26T09:50:50+00:00\",\"dateModified\":\"2021-11-26T12:33:23+00:00\",\"description\":\"Huzurun son g\u00f6rg\u00fcne girin. Hayat\u0131n\u0131zda istedi\u011finiz S\u00fcitler SPA tam o\u2019dur\",\"breadcrumb\":{\"@id\":\"https:\/\/www.plazatirana.com\/tr\/odalar-ve-suitler\/suitler-spa\/#breadcrumb\"},\"inLanguage\":\"tr\",\"potentialAction\":[{\"@type\":\"ReadAction\",\"target\":[\"https:\/\/www.plazatirana.com\/tr\/odalar-ve-suitler\/suitler-spa\/\"]}]},{\"@type\":\"BreadcrumbList\",\"@id\":\"https:\/\/www.plazatirana.com\/tr\/odalar-ve-suitler\/suitler-spa\/#breadcrumb\",\"itemListElement\":[{\"@type\":\"ListItem\",\"position\":1,\"name\":\"Home\",\"item\":\"https:\/\/www.plazatirana.com\/tr\/\"},{\"@type\":\"ListItem\",\"position\":2,\"name\":\"Odalar ve s\u00fcitler\",\"item\":\"https:\/\/www.plazatirana.com\/tr\/odalar-ve-suitler\/\"},{\"@type\":\"ListItem\",\"position\":3,\"name\":\"S\u00fcitler SPA\"}]},{\"@type\":\"WebSite\",\"@id\":\"https:\/\/www.plazatirana.com\/tr\/#website\",\"url\":\"https:\/\/www.plazatirana.com\/tr\/\",\"name\":\"Maritim Hotel Plaza Tirana\",\"description\":\"Just another ms.decms.eu site\",\"publisher\":{\"@id\":\"https:\/\/www.plazatirana.com\/tr\/#organization\"},\"potentialAction\":[{\"@type\":\"SearchAction\",\"target\":{\"@type\":\"EntryPoint\",\"urlTemplate\":\"https:\/\/www.plazatirana.com\/tr\/?s={search_term_string}\"},\"query-input\":{\"@type\":\"PropertyValueSpecification\",\"valueRequired\":true,\"valueName\":\"search_term_string\"}}],\"inLanguage\":\"tr\"},{\"@type\":\"Organization\",\"@id\":\"https:\/\/www.plazatirana.com\/tr\/#organization\",\"name\":\"Maritim Hotel Plaza Tirana\",\"url\":\"https:\/\/www.plazatirana.com\/tr\/\",\"logo\":{\"@type\":\"ImageObject\",\"inLanguage\":\"tr\",\"@id\":\"https:\/\/www.plazatirana.com\/tr\/#\/schema\/logo\/image\/\",\"url\":\"https:\/\/www.plazatirana.com\/wp-content\/uploads\/sites\/378\/2021\/11\/Maritim-Hotel-Plaza-Tirana-Logo.png\",\"contentUrl\":\"https:\/\/www.plazatirana.com\/wp-content\/uploads\/sites\/378\/2021\/11\/Maritim-Hotel-Plaza-Tirana-Logo.png\",\"width\":300,\"height\":224,\"caption\":\"Maritim Hotel Plaza Tirana\"},\"image\":{\"@id\":\"https:\/\/www.plazatirana.com\/tr\/#\/schema\/logo\/image\/\"}}]}<\/script>\n<!-- \/ Yoast SEO plugin. -->","yoast_head_json":{"title":"S\u00fcitler SPA &#8212; Maritim Hotel Plaza Tirana &#8212;","description":"Huzurun son g\u00f6rg\u00fcne girin. Hayat\u0131n\u0131zda istedi\u011finiz S\u00fcitler SPA tam o\u2019dur","robots":{"index":"index","follow":"follow","max-snippet":"max-snippet:-1","max-image-preview":"max-image-preview:large","max-video-preview":"max-video-preview:-1"},"canonical":"https:\/\/www.plazatirana.com\/tr\/odalar-ve-suitler\/suitler-spa\/","og_locale":"tr_TR","og_type":"article","og_title":"S\u00fcitler SPA &#8212; Maritim Hotel Plaza Tirana &#8212;","og_description":"Huzurun son g\u00f6rg\u00fcne girin. Hayat\u0131n\u0131zda istedi\u011finiz S\u00fcitler SPA tam o\u2019dur","og_url":"https:\/\/www.plazatirana.com\/tr\/odalar-ve-suitler\/suitler-spa\/","og_site_name":"Maritim Hotel Plaza Tirana","article_modified_time":"2021-11-26T12:33:23+00:00","twitter_card":"summary_large_image","schema":{"@context":"https:\/\/schema.org","@graph":[{"@type":"WebPage","@id":"https:\/\/www.plazatirana.com\/tr\/odalar-ve-suitler\/suitler-spa\/","url":"https:\/\/www.plazatirana.com\/tr\/odalar-ve-suitler\/suitler-spa\/","name":"S\u00fcitler SPA &#8212; Maritim Hotel Plaza Tirana &#8212;","isPartOf":{"@id":"https:\/\/www.plazatirana.com\/tr\/#website"},"datePublished":"2021-11-26T09:50:50+00:00","dateModified":"2021-11-26T12:33:23+00:00","description":"Huzurun son g\u00f6rg\u00fcne girin. Hayat\u0131n\u0131zda istedi\u011finiz S\u00fcitler SPA tam o\u2019dur","breadcrumb":{"@id":"https:\/\/www.plazatirana.com\/tr\/odalar-ve-suitler\/suitler-spa\/#breadcrumb"},"inLanguage":"tr","potentialAction":[{"@type":"ReadAction","target":["https:\/\/www.plazatirana.com\/tr\/odalar-ve-suitler\/suitler-spa\/"]}]},{"@type":"BreadcrumbList","@id":"https:\/\/www.plazatirana.com\/tr\/odalar-ve-suitler\/suitler-spa\/#breadcrumb","itemListElement":[{"@type":"ListItem","position":1,"name":"Home","item":"https:\/\/www.plazatirana.com\/tr\/"},{"@type":"ListItem","position":2,"name":"Odalar ve s\u00fcitler","item":"https:\/\/www.plazatirana.com\/tr\/odalar-ve-suitler\/"},{"@type":"ListItem","position":3,"name":"S\u00fcitler SPA"}]},{"@type":"WebSite","@id":"https:\/\/www.plazatirana.com\/tr\/#website","url":"https:\/\/www.plazatirana.com\/tr\/","name":"Maritim Hotel Plaza Tirana","description":"Just another ms.decms.eu site","publisher":{"@id":"https:\/\/www.plazatirana.com\/tr\/#organization"},"potentialAction":[{"@type":"SearchAction","target":{"@type":"EntryPoint","urlTemplate":"https:\/\/www.plazatirana.com\/tr\/?s={search_term_string}"},"query-input":{"@type":"PropertyValueSpecification","valueRequired":true,"valueName":"search_term_string"}}],"inLanguage":"tr"},{"@type":"Organization","@id":"https:\/\/www.plazatirana.com\/tr\/#organization","name":"Maritim Hotel Plaza Tirana","url":"https:\/\/www.plazatirana.com\/tr\/","logo":{"@type":"ImageObject","inLanguage":"tr","@id":"https:\/\/www.plazatirana.com\/tr\/#\/schema\/logo\/image\/","url":"https:\/\/www.plazatirana.com\/wp-content\/uploads\/sites\/378\/2021\/11\/Maritim-Hotel-Plaza-Tirana-Logo.png","contentUrl":"https:\/\/www.plazatirana.com\/wp-content\/uploads\/sites\/378\/2021\/11\/Maritim-Hotel-Plaza-Tirana-Logo.png","width":300,"height":224,"caption":"Maritim Hotel Plaza Tirana"},"image":{"@id":"https:\/\/www.plazatirana.com\/tr\/#\/schema\/logo\/image\/"}}]}},"acf":[],"_links":{"self":[{"href":"https:\/\/www.plazatirana.com\/tr\/wp-json\/wp\/v2\/pages\/211","targetHints":{"allow":["GET"]}}],"collection":[{"href":"https:\/\/www.plazatirana.com\/tr\/wp-json\/wp\/v2\/pages"}],"about":[{"href":"https:\/\/www.plazatirana.com\/tr\/wp-json\/wp\/v2\/types\/page"}],"author":[{"embeddable":true,"href":"https:\/\/www.plazatirana.com\/tr\/wp-json\/wp\/v2\/users\/7"}],"replies":[{"embeddable":true,"href":"https:\/\/www.plazatirana.com\/tr\/wp-json\/wp\/v2\/comments?post=211"}],"version-history":[{"count":0,"href":"https:\/\/www.plazatirana.com\/tr\/wp-json\/wp\/v2\/pages\/211\/revisions"}],"up":[{"embeddable":true,"href":"https:\/\/www.plazatirana.com\/tr\/wp-json\/wp\/v2\/pages\/102"}],"wp:attachment":[{"href":"https:\/\/www.plazatirana.com\/tr\/wp-json\/wp\/v2\/media?parent=211"}],"curies":[{"name":"wp","href":"https:\/\/api.w.org\/{rel}","templated":true}]}}

Süitler SPA

<p>Huzurun son görgüne girin. Hayatınızda istediğiniz Süitler SPA tam o’dur. Memnuniyet bir vahada, sizin özel Jacuzzi olan bir süitte, heyecan duşlar ve buhar odalarda kalın.</p>

<!-- This site is optimized with the Yoast SEO plugin v26.9 - https://yoast.com/product/yoast-seo-wordpress/ -->
<title>Süitler SPA &#8212; Maritim Hotel Plaza Tirana &#8212;</title>
<meta name="description" content="Huzurun son görgüne girin. Hayatınızda istediğiniz Süitler SPA tam o’dur" />
<meta name="robots" content="index, follow, max-snippet:-1, max-image-preview:large, max-video-preview:-1" />
<link rel="canonical" href="https://www.plazatirana.com/tr/odalar-ve-suitler/suitler-spa/" />
<meta property="og:locale" content="tr_TR" />
<meta property="og:type" content="article" />
<meta property="og:title" content="Süitler SPA &#8212; Maritim Hotel Plaza Tirana &#8212;" />
<meta property="og:description" content="Huzurun son görgüne girin. Hayatınızda istediğiniz Süitler SPA tam o’dur" />
<meta property="og:url" content="https://www.plazatirana.com/tr/odalar-ve-suitler/suitler-spa/" />
<meta property="og:site_name" content="Maritim Hotel Plaza Tirana" />
<meta property="article:modified_time" content="2021-11-26T12:33:23+00:00" />
<meta name="twitter:card" content="summary_large_image" />
<script type="application/ld+json" class="yoast-schema-graph">{"@context":"https://schema.org","@graph":[{"@type":"WebPage","@id":"https://www.plazatirana.com/tr/odalar-ve-suitler/suitler-spa/","url":"https://www.plazatirana.com/tr/odalar-ve-suitler/suitler-spa/","name":"Süitler SPA &#8212; Maritim Hotel Plaza Tirana &#8212;","isPartOf":{"@id":"https://www.plazatirana.com/tr/#website"},"datePublished":"2021-11-26T09:50:50+00:00","dateModified":"2021-11-26T12:33:23+00:00","description":"Huzurun son görgüne girin. Hayatınızda istediğiniz Süitler SPA tam o’dur","breadcrumb":{"@id":"https://www.plazatirana.com/tr/odalar-ve-suitler/suitler-spa/#breadcrumb"},"inLanguage":"tr","potentialAction":[{"@type":"ReadAction","target":["https://www.plazatirana.com/tr/odalar-ve-suitler/suitler-spa/"]}]},{"@type":"BreadcrumbList","@id":"https://www.plazatirana.com/tr/odalar-ve-suitler/suitler-spa/#breadcrumb","itemListElement":[{"@type":"ListItem","position":1,"name":"Home","item":"https://www.plazatirana.com/tr/"},{"@type":"ListItem","position":2,"name":"Odalar ve süitler","item":"https://www.plazatirana.com/tr/odalar-ve-suitler/"},{"@type":"ListItem","position":3,"name":"Süitler SPA"}]},{"@type":"WebSite","@id":"https://www.plazatirana.com/tr/#website","url":"https://www.plazatirana.com/tr/","name":"Maritim Hotel Plaza Tirana","description":"Just another ms.decms.eu site","publisher":{"@id":"https://www.plazatirana.com/tr/#organization"},"potentialAction":[{"@type":"SearchAction","target":{"@type":"EntryPoint","urlTemplate":"https://www.plazatirana.com/tr/?s={search_term_string}"},"query-input":{"@type":"PropertyValueSpecification","valueRequired":true,"valueName":"search_term_string"}}],"inLanguage":"tr"},{"@type":"Organization","@id":"https://www.plazatirana.com/tr/#organization","name":"Maritim Hotel Plaza Tirana","url":"https://www.plazatirana.com/tr/","logo":{"@type":"ImageObject","inLanguage":"tr","@id":"https://www.plazatirana.com/tr/#/schema/logo/image/","url":"https://www.plazatirana.com/wp-content/uploads/sites/378/2021/11/Maritim-Hotel-Plaza-Tirana-Logo.png","contentUrl":"https://www.plazatirana.com/wp-content/uploads/sites/378/2021/11/Maritim-Hotel-Plaza-Tirana-Logo.png","width":300,"height":224,"caption":"Maritim Hotel Plaza Tirana"},"image":{"@id":"https://www.plazatirana.com/tr/#/schema/logo/image/"}}]}</script>
<!-- / Yoast SEO plugin. -->

Süitler SPA &#8212; Maritim Hotel Plaza Tirana &#8212;

Huzurun son görgüne girin. Hayatınızda istediğiniz Süitler SPA tam o’dur

Odalar ve süitler
