{"id":556,"date":"2021-12-02T17:47:16","date_gmt":"2021-12-02T17:47:16","guid":{"rendered":"https:\/\/plaza-tirana.ms.decms.eu\/?page_id=556"},"modified":"2021-12-02T17:47:16","modified_gmt":"2021-12-02T17:47:16","slug":"kontaktet","status":"publish","type":"page","link":"https:\/\/www.plazatirana.com\/sq\/kontaktet\/","title":{"rendered":"Kontaktet"},"content":{"rendered":"\n                <div class='gf_browser_gecko gform_wrapper' id='gform_wrapper_7' ><form method='post' enctype='multipart\/form-data'  id='gform_7'  action='\/sq\/wp-json\/wp\/v2\/pages\/556'>\n                        <div class='gform_heading'>\n                            <span class='gform_description'><\/span>\n                        <\/div>\n                        <div class='gform_body'><ul id='gform_fields_7' class='gform_fields top_label form_sublabel_below description_below'><li id='field_7_1'  class='gfield gfield_contains_required field_sublabel_below field_description_below gfield_visibility_visible' ><label class='gfield_label' for='input_7_1' >Titull<span class='gfield_required'>*<\/span><\/label><div class='ginput_container ginput_container_text'><input name='input_1' id='input_7_1' type='text' value='' class='small'     aria-required=\"true\" aria-invalid=\"false\" \/><\/div><\/li><li id='field_7_7'  class='gfield gfield_contains_required field_sublabel_below field_description_below gfield_visibility_visible' ><label class='gfield_label' for='input_7_7' >Emri Family \/ Mbiemri<span class='gfield_required'>*<\/span><\/label><div class='ginput_container ginput_container_phone'><input name='input_7' id='input_7_7' type='text' value='' class='medium'   aria-required=\"true\" aria-invalid=\"false\"  \/><\/div><\/li><li id='field_7_8'  class='gfield gfield_contains_required field_sublabel_below field_description_below gfield_visibility_visible' ><label class='gfield_label' for='input_7_8' >Emri<span class='gfield_required'>*<\/span><\/label><div class='ginput_container ginput_container_phone'><input name='input_8' id='input_7_8' type='text' value='' class='medium'   aria-required=\"true\" aria-invalid=\"false\"  \/><\/div><\/li><li id='field_7_3'  class='gfield field_sublabel_below field_description_below gfield_visibility_visible' ><label class='gfield_label' for='input_7_3' >Numri i telefonit<\/label><div class='ginput_container ginput_container_phone'><input name='input_3' id='input_7_3' type='text' value='' class='medium'    aria-invalid=\"false\"  \/><\/div><\/li><li id='field_7_4'  class='gfield gfield_contains_required field_sublabel_below field_description_below gfield_visibility_visible' ><label class='gfield_label' for='input_7_4' >Email Adresa<span class='gfield_required'>*<\/span><\/label><div class='ginput_container ginput_container_email'>\n                            <input name='input_4' id='input_7_4' type='text' value='' class='medium'    aria-required=\"true\" aria-invalid=\"false\" \/>\n                        <\/div><\/li><li id='field_7_5'  class='gfield gfield_contains_required field_sublabel_below field_description_below gfield_visibility_visible' ><label class='gfield_label' for='input_7_5' >Subjekt<span class='gfield_required'>*<\/span><\/label><div class='ginput_container ginput_container_select'><select name='input_5' id='input_7_5' class='medium gfield_select'   aria-required=\"true\" aria-invalid=\"false\"><option value='Rezerv\u00eb dhom\u00eb' >Rezerv\u00eb dhom\u00eb<\/option><option value='Takimet dhe ngjarjet hetimet' >Takimet dhe ngjarjet hetimet<\/option><option value='Pyetje t\u00eb tjera' >Pyetje t\u00eb tjera<\/option><\/select><\/div><\/li><li id='field_7_6'  class='gfield gfield_contains_required field_sublabel_below field_description_below gfield_visibility_visible' ><label class='gfield_label' for='input_7_6' >Comments<span class='gfield_required'>*<\/span><\/label><div class='ginput_container ginput_container_textarea'><textarea name='input_6' id='input_7_6' class='textarea medium'     aria-required=\"true\" aria-invalid=\"false\"   rows='10' cols='50'><\/textarea><\/div><\/li><li id='field_7_9'  class='gfield gfield_contains_required field_sublabel_below field_description_below gfield_visibility_visible' ><label class='gfield_label'  >Njoftim Ligjor.<span class='gfield_required'>*<\/span><\/label><div class='ginput_container ginput_container_checkbox'><ul class='gfield_checkbox' id='input_7_9'><li class='gchoice_7_9_1'>\n\t\t\t\t\t\t\t\t<input name='input_9.1' type='checkbox'  value='Un\u00eb pranoj q\u00eb t\u00eb dh\u00ebnat e mia personale trajtohen sipas politik\u00ebs s\u00eb privat\u00ebsis\u00eb'  id='choice_7_9_1'   \/>\n\t\t\t\t\t\t\t\t<label for='choice_7_9_1' id='label_7_9_1'>Un\u00eb pranoj q\u00eb t\u00eb dh\u00ebnat e mia personale trajtohen sipas politik\u00ebs s\u00eb privat\u00ebsis\u00eb<\/label>\n\t\t\t\t\t\t\t<\/li><\/ul><\/div><\/li><li id='field_7_10'  class='gfield gform_validation_container field_sublabel_below field_description_below gfield_visibility_visible' ><label class='gfield_label' for='input_7_10' >Email<\/label><div class='ginput_container'><input name='input_10' id='input_7_10' type='text' value='' \/><\/div><div class='gfield_description' id='gfield_description_7_10'>This field is for validation purposes and should be left unchanged.<\/div><\/li>\n                            <\/ul><\/div>\n        <div class='gform_footer top_label'> <input type='submit' id='gform_submit_button_7' class='gform_button button' value='Paraqes'  onclick='if(window[\"gf_submitting_7\"]){return false;}  window[\"gf_submitting_7\"]=true;  ' onkeypress='if( event.keyCode == 13 ){ if(window[\"gf_submitting_7\"]){return false;} window[\"gf_submitting_7\"]=true;  jQuery(\"#gform_7\").trigger(\"submit\",[true]); }' \/> \n            <input type='hidden' class='gform_hidden' name='is_submit_7' value='1' \/>\n            <input type='hidden' class='gform_hidden' name='gform_submit' value='7' \/>\n            \n            <input type='hidden' class='gform_hidden' name='gform_unique_id' value='' \/>\n            <input type='hidden' class='gform_hidden' name='state_7' value='WyJbXSIsIjMzYmYyMWNkYTJhNzA4YTM1YzdlNzFmY2RiNzcyYTQwIl0=' \/>\n            <input type='hidden' class='gform_hidden' name='gform_target_page_number_7' id='gform_target_page_number_7' value='0' \/>\n            <input type='hidden' class='gform_hidden' name='gform_source_page_number_7' id='gform_source_page_number_7' value='1' \/>\n            <input type='hidden' name='gform_field_values' value='' \/>\n            \n        <\/div>\n                        <\/form>\n                        <\/div><script type='text\/javascript'> jQuery(document).bind('gform_post_render', function(event, formId, currentPage){if(formId == 7) {} } );jQuery(document).bind('gform_post_conditional_logic', function(event, formId, fields, isInit){} );<\/script><script type='text\/javascript'> jQuery(document).ready(function(){jQuery(document).trigger('gform_post_render', [7, 1]) } ); <\/script>\n","protected":false},"excerpt":{"rendered":"","protected":false},"author":7,"featured_media":0,"parent":0,"menu_order":25,"comment_status":"closed","ping_status":"closed","template":"template-contacts.php","meta":{"footnotes":""},"class_list":["post-556","page","type-page","status-publish","hentry"],"yoast_head":"<!-- This site is optimized with the Yoast SEO plugin v26.9 - https:\/\/yoast.com\/product\/yoast-seo-wordpress\/ -->\n<title>Kontaktet &#8212; Maritim Hotel Plaza Tirana &#8212;<\/title>\n<meta name=\"description\" content=\"[gravityform id=&quot;7&quot; title=&quot;false&quot; description=&quot;true&quot;].\" \/>\n<meta name=\"robots\" content=\"index, follow, max-snippet:-1, max-image-preview:large, max-video-preview:-1\" \/>\n<link rel=\"canonical\" href=\"https:\/\/www.plazatirana.com\/sq\/kontaktet\/\" \/>\n<meta property=\"og:locale\" content=\"sq_AL\" \/>\n<meta property=\"og:type\" content=\"article\" \/>\n<meta property=\"og:title\" content=\"Kontaktet &#8212; Maritim Hotel Plaza Tirana &#8212;\" \/>\n<meta property=\"og:description\" content=\"[gravityform id=&quot;7&quot; title=&quot;false&quot; description=&quot;true&quot;].\" \/>\n<meta property=\"og:url\" content=\"https:\/\/www.plazatirana.com\/sq\/kontaktet\/\" \/>\n<meta property=\"og:site_name\" content=\"Maritim Hotel Plaza Tirana\" \/>\n<meta name=\"twitter:card\" content=\"summary_large_image\" \/>\n<script type=\"application\/ld+json\" class=\"yoast-schema-graph\">{\"@context\":\"https:\/\/schema.org\",\"@graph\":[{\"@type\":\"WebPage\",\"@id\":\"https:\/\/www.plazatirana.com\/sq\/kontaktet\/\",\"url\":\"https:\/\/www.plazatirana.com\/sq\/kontaktet\/\",\"name\":\"Kontaktet &#8212; Maritim Hotel Plaza Tirana &#8212;\",\"isPartOf\":{\"@id\":\"https:\/\/www.plazatirana.com\/sq\/#website\"},\"datePublished\":\"2021-12-02T17:47:16+00:00\",\"description\":\"[gravityform id=\\\"7\\\" title=\\\"false\\\" description=\\\"true\\\"].\",\"breadcrumb\":{\"@id\":\"https:\/\/www.plazatirana.com\/sq\/kontaktet\/#breadcrumb\"},\"inLanguage\":\"sq-AL\",\"potentialAction\":[{\"@type\":\"ReadAction\",\"target\":[\"https:\/\/www.plazatirana.com\/sq\/kontaktet\/\"]}]},{\"@type\":\"BreadcrumbList\",\"@id\":\"https:\/\/www.plazatirana.com\/sq\/kontaktet\/#breadcrumb\",\"itemListElement\":[{\"@type\":\"ListItem\",\"position\":1,\"name\":\"Home\",\"item\":\"https:\/\/www.plazatirana.com\/sq\/\"},{\"@type\":\"ListItem\",\"position\":2,\"name\":\"Kontaktet\"}]},{\"@type\":\"WebSite\",\"@id\":\"https:\/\/www.plazatirana.com\/sq\/#website\",\"url\":\"https:\/\/www.plazatirana.com\/sq\/\",\"name\":\"Maritim Hotel Plaza Tirana\",\"description\":\"Just another ms.decms.eu site\",\"publisher\":{\"@id\":\"https:\/\/www.plazatirana.com\/sq\/#organization\"},\"potentialAction\":[{\"@type\":\"SearchAction\",\"target\":{\"@type\":\"EntryPoint\",\"urlTemplate\":\"https:\/\/www.plazatirana.com\/sq\/?s={search_term_string}\"},\"query-input\":{\"@type\":\"PropertyValueSpecification\",\"valueRequired\":true,\"valueName\":\"search_term_string\"}}],\"inLanguage\":\"sq-AL\"},{\"@type\":\"Organization\",\"@id\":\"https:\/\/www.plazatirana.com\/sq\/#organization\",\"name\":\"Maritim Hotel Plaza Tirana\",\"url\":\"https:\/\/www.plazatirana.com\/sq\/\",\"logo\":{\"@type\":\"ImageObject\",\"inLanguage\":\"sq-AL\",\"@id\":\"https:\/\/www.plazatirana.com\/sq\/#\/schema\/logo\/image\/\",\"url\":\"https:\/\/www.plazatirana.com\/wp-content\/uploads\/sites\/378\/2021\/11\/Maritim-Hotel-Plaza-Tirana-Logo.png\",\"contentUrl\":\"https:\/\/www.plazatirana.com\/wp-content\/uploads\/sites\/378\/2021\/11\/Maritim-Hotel-Plaza-Tirana-Logo.png\",\"width\":300,\"height\":224,\"caption\":\"Maritim Hotel Plaza Tirana\"},\"image\":{\"@id\":\"https:\/\/www.plazatirana.com\/sq\/#\/schema\/logo\/image\/\"}}]}<\/script>\n<!-- \/ Yoast SEO plugin. -->","yoast_head_json":{"title":"Kontaktet &#8212; Maritim Hotel Plaza Tirana &#8212;","description":"[gravityform id=\"7\" title=\"false\" description=\"true\"].","robots":{"index":"index","follow":"follow","max-snippet":"max-snippet:-1","max-image-preview":"max-image-preview:large","max-video-preview":"max-video-preview:-1"},"canonical":"https:\/\/www.plazatirana.com\/sq\/kontaktet\/","og_locale":"sq_AL","og_type":"article","og_title":"Kontaktet &#8212; Maritim Hotel Plaza Tirana &#8212;","og_description":"[gravityform id=\"7\" title=\"false\" description=\"true\"].","og_url":"https:\/\/www.plazatirana.com\/sq\/kontaktet\/","og_site_name":"Maritim Hotel Plaza Tirana","twitter_card":"summary_large_image","schema":{"@context":"https:\/\/schema.org","@graph":[{"@type":"WebPage","@id":"https:\/\/www.plazatirana.com\/sq\/kontaktet\/","url":"https:\/\/www.plazatirana.com\/sq\/kontaktet\/","name":"Kontaktet &#8212; Maritim Hotel Plaza Tirana &#8212;","isPartOf":{"@id":"https:\/\/www.plazatirana.com\/sq\/#website"},"datePublished":"2021-12-02T17:47:16+00:00","description":"[gravityform id=\"7\" title=\"false\" description=\"true\"].","breadcrumb":{"@id":"https:\/\/www.plazatirana.com\/sq\/kontaktet\/#breadcrumb"},"inLanguage":"sq-AL","potentialAction":[{"@type":"ReadAction","target":["https:\/\/www.plazatirana.com\/sq\/kontaktet\/"]}]},{"@type":"BreadcrumbList","@id":"https:\/\/www.plazatirana.com\/sq\/kontaktet\/#breadcrumb","itemListElement":[{"@type":"ListItem","position":1,"name":"Home","item":"https:\/\/www.plazatirana.com\/sq\/"},{"@type":"ListItem","position":2,"name":"Kontaktet"}]},{"@type":"WebSite","@id":"https:\/\/www.plazatirana.com\/sq\/#website","url":"https:\/\/www.plazatirana.com\/sq\/","name":"Maritim Hotel Plaza Tirana","description":"Just another ms.decms.eu site","publisher":{"@id":"https:\/\/www.plazatirana.com\/sq\/#organization"},"potentialAction":[{"@type":"SearchAction","target":{"@type":"EntryPoint","urlTemplate":"https:\/\/www.plazatirana.com\/sq\/?s={search_term_string}"},"query-input":{"@type":"PropertyValueSpecification","valueRequired":true,"valueName":"search_term_string"}}],"inLanguage":"sq-AL"},{"@type":"Organization","@id":"https:\/\/www.plazatirana.com\/sq\/#organization","name":"Maritim Hotel Plaza Tirana","url":"https:\/\/www.plazatirana.com\/sq\/","logo":{"@type":"ImageObject","inLanguage":"sq-AL","@id":"https:\/\/www.plazatirana.com\/sq\/#\/schema\/logo\/image\/","url":"https:\/\/www.plazatirana.com\/wp-content\/uploads\/sites\/378\/2021\/11\/Maritim-Hotel-Plaza-Tirana-Logo.png","contentUrl":"https:\/\/www.plazatirana.com\/wp-content\/uploads\/sites\/378\/2021\/11\/Maritim-Hotel-Plaza-Tirana-Logo.png","width":300,"height":224,"caption":"Maritim Hotel Plaza Tirana"},"image":{"@id":"https:\/\/www.plazatirana.com\/sq\/#\/schema\/logo\/image\/"}}]}},"acf":[],"_links":{"self":[{"href":"https:\/\/www.plazatirana.com\/sq\/wp-json\/wp\/v2\/pages\/556","targetHints":{"allow":["GET"]}}],"collection":[{"href":"https:\/\/www.plazatirana.com\/sq\/wp-json\/wp\/v2\/pages"}],"about":[{"href":"https:\/\/www.plazatirana.com\/sq\/wp-json\/wp\/v2\/types\/page"}],"author":[{"embeddable":true,"href":"https:\/\/www.plazatirana.com\/sq\/wp-json\/wp\/v2\/users\/7"}],"replies":[{"embeddable":true,"href":"https:\/\/www.plazatirana.com\/sq\/wp-json\/wp\/v2\/comments?post=556"}],"version-history":[{"count":0,"href":"https:\/\/www.plazatirana.com\/sq\/wp-json\/wp\/v2\/pages\/556\/revisions"}],"wp:attachment":[{"href":"https:\/\/www.plazatirana.com\/sq\/wp-json\/wp\/v2\/media?parent=556"}],"curies":[{"name":"wp","href":"https:\/\/api.w.org\/{rel}","templated":true}]}}

<div class='gf_browser_gecko gform_wrapper' id='gform_wrapper_7' ><form method='post' enctype='multipart/form-data'  id='gform_7'  action='/sq/wp-json/wp/v2/pages/556'>
                        <div class='gform_heading'>
                            <span class='gform_description'></span>
                        </div>
                        <div class='gform_body'><ul id='gform_fields_7' class='gform_fields top_label form_sublabel_below description_below'><li id='field_7_1'  class='gfield gfield_contains_required field_sublabel_below field_description_below gfield_visibility_visible' ><label class='gfield_label' for='input_7_1' >Titull<span class='gfield_required'>*</span></label><div class='ginput_container ginput_container_text'><input name='input_1' id='input_7_1' type='text' value='' class='small'     aria-required="true" aria-invalid="false" /></div></li><li id='field_7_7'  class='gfield gfield_contains_required field_sublabel_below field_description_below gfield_visibility_visible' ><label class='gfield_label' for='input_7_7' >Emri Family / Mbiemri<span class='gfield_required'>*</span></label><div class='ginput_container ginput_container_phone'><input name='input_7' id='input_7_7' type='text' value='' class='medium'   aria-required="true" aria-invalid="false"  /></div></li><li id='field_7_8'  class='gfield gfield_contains_required field_sublabel_below field_description_below gfield_visibility_visible' ><label class='gfield_label' for='input_7_8' >Emri<span class='gfield_required'>*</span></label><div class='ginput_container ginput_container_phone'><input name='input_8' id='input_7_8' type='text' value='' class='medium'   aria-required="true" aria-invalid="false"  /></div></li><li id='field_7_3'  class='gfield field_sublabel_below field_description_below gfield_visibility_visible' ><label class='gfield_label' for='input_7_3' >Numri i telefonit</label><div class='ginput_container ginput_container_phone'><input name='input_3' id='input_7_3' type='text' value='' class='medium'    aria-invalid="false"  /></div></li><li id='field_7_4'  class='gfield gfield_contains_required field_sublabel_below field_description_below gfield_visibility_visible' ><label class='gfield_label' for='input_7_4' >Email Adresa<span class='gfield_required'>*</span></label><div class='ginput_container ginput_container_email'>
                            <input name='input_4' id='input_7_4' type='text' value='' class='medium'    aria-required="true" aria-invalid="false" />
                        </div></li><li id='field_7_5'  class='gfield gfield_contains_required field_sublabel_below field_description_below gfield_visibility_visible' ><label class='gfield_label' for='input_7_5' >Subjekt<span class='gfield_required'>*</span></label><div class='ginput_container ginput_container_select'><select name='input_5' id='input_7_5' class='medium gfield_select'   aria-required="true" aria-invalid="false"><option value='Rezervë dhomë' >Rezervë dhomë</option><option value='Takimet dhe ngjarjet hetimet' >Takimet dhe ngjarjet hetimet</option><option value='Pyetje të tjera' >Pyetje të tjera</option></select></div></li><li id='field_7_6'  class='gfield gfield_contains_required field_sublabel_below field_description_below gfield_visibility_visible' ><label class='gfield_label' for='input_7_6' >Comments<span class='gfield_required'>*</span></label><div class='ginput_container ginput_container_textarea'><textarea name='input_6' id='input_7_6' class='textarea medium'     aria-required="true" aria-invalid="false"   rows='10' cols='50'></textarea></div></li><li id='field_7_9'  class='gfield gfield_contains_required field_sublabel_below field_description_below gfield_visibility_visible' ><label class='gfield_label'  >Njoftim Ligjor.<span class='gfield_required'>*</span></label><div class='ginput_container ginput_container_checkbox'><ul class='gfield_checkbox' id='input_7_9'><li class='gchoice_7_9_1'>
								<input name='input_9.1' type='checkbox'  value='Unë pranoj që të dhënat e mia personale trajtohen sipas politikës së privatësisë'  id='choice_7_9_1'   />
								<label for='choice_7_9_1' id='label_7_9_1'>Unë pranoj që të dhënat e mia personale trajtohen sipas politikës së privatësisë</label>
							</li></ul></div></li><li id='field_7_10'  class='gfield gform_validation_container field_sublabel_below field_description_below gfield_visibility_visible' ><label class='gfield_label' for='input_7_10' >Email</label><div class='ginput_container'><input name='input_10' id='input_7_10' type='text' value='' /></div><div class='gfield_description' id='gfield_description_7_10'>This field is for validation purposes and should be left unchanged.</div></li>
                            </ul></div>
        <div class='gform_footer top_label'> <input type='submit' id='gform_submit_button_7' class='gform_button button' value='Paraqes'  onclick='if(window["gf_submitting_7"]){return false;}  window["gf_submitting_7"]=true;  ' onkeypress='if( event.keyCode == 13 ){ if(window["gf_submitting_7"]){return false;} window["gf_submitting_7"]=true;  jQuery("#gform_7").trigger("submit",[true]); }' /> 
            <input type='hidden' class='gform_hidden' name='is_submit_7' value='1' />
            <input type='hidden' class='gform_hidden' name='gform_submit' value='7' />
            
            <input type='hidden' class='gform_hidden' name='gform_unique_id' value='' />
            <input type='hidden' class='gform_hidden' name='state_7' value='WyJbXSIsIjMzYmYyMWNkYTJhNzA4YTM1YzdlNzFmY2RiNzcyYTQwIl0=' />
            <input type='hidden' class='gform_hidden' name='gform_target_page_number_7' id='gform_target_page_number_7' value='0' />
            <input type='hidden' class='gform_hidden' name='gform_source_page_number_7' id='gform_source_page_number_7' value='1' />
            <input type='hidden' name='gform_field_values' value='' />
            
        </div>
                        </form>
                        </div><script type='text/javascript'> jQuery(document).bind('gform_post_render', function(event, formId, currentPage){if(formId == 7) {} } );jQuery(document).bind('gform_post_conditional_logic', function(event, formId, fields, isInit){} );</script><script type='text/javascript'> jQuery(document).ready(function(){jQuery(document).trigger('gform_post_render', [7, 1]) } ); </script>
