{"id":176,"date":"2021-11-25T18:37:51","date_gmt":"2021-11-25T18:37:51","guid":{"rendered":"https:\/\/plaza-tirana.ms.decms.eu\/dhoma-dhe-suita\/suites\/"},"modified":"2021-11-26T10:47:53","modified_gmt":"2021-11-26T10:47:53","slug":"suitat","status":"publish","type":"page","link":"https:\/\/www.plazatirana.com\/sq\/dhoma-dhe-suita\/suitat\/","title":{"rendered":"Suitat"},"content":{"rendered":"<p>Luksoze, t\u00eb rafinuara dhe elegante, k\u00ebto suita p\u00ebrfshijn\u00eb dy dhoma t\u00eb projektuara p\u00ebr t\u2019ju dhuruar qet\u00ebsin\u00eb dhe relaksin q\u00eb ju k\u00ebrkoni, me nj\u00eb pamje panoramike t\u00eb qytetit. Ofrojn\u00eb tavolin\u00eb t\u00eb gjer\u00eb p\u00ebr ata q\u00eb kan\u00eb nevoj\u00eb t\u00eb punojn\u00eb, kolltuqe t\u00eb rehatshme dhe nj\u00eb krevat queen size.<\/p>\n","protected":false},"excerpt":{"rendered":"<p>Luksoze, t\u00eb rafinuara dhe elegante, k\u00ebto suita p\u00ebrfshijn\u00eb dy dhoma t\u00eb projektuara p\u00ebr t\u2019ju dhuruar qet\u00ebsin\u00eb dhe relaksin q\u00eb ju k\u00ebrkoni, me nj\u00eb pamje panoramike t\u00eb qytetit. Ofrojn\u00eb tavolin\u00eb t\u00eb gjer\u00eb p\u00ebr ata q\u00eb kan\u00eb nevoj\u00eb t\u00eb punojn\u00eb, kolltuqe t\u00eb rehatshme dhe nj\u00eb krevat queen size.<\/p>\n","protected":false},"author":7,"featured_media":0,"parent":93,"menu_order":4,"comment_status":"closed","ping_status":"closed","template":"template-single-room.php","meta":{"footnotes":""},"class_list":["post-176","page","type-page","status-publish","hentry"],"yoast_head":"<!-- This site is optimized with the Yoast SEO plugin v26.9 - https:\/\/yoast.com\/product\/yoast-seo-wordpress\/ -->\n<title>Suitat &#8212; Maritim Hotel Plaza Tirana &#8212;<\/title>\n<meta name=\"description\" content=\"Luksoze, t\u00eb rafinuara dhe elegante, k\u00ebto suita p\u00ebrfshijn\u00eb dy dhoma t\u00eb projektuara p\u00ebr t\u2019ju dhuruar qet\u00ebsin\u00eb dhe relaksin q\u00eb ju k\u00ebrkoni, me nj\u00eb pamje panoramike t\u00eb qytetit. Ofrojn\u00eb tavolin\u00eb t\u00eb gjer\u00eb p\u00ebr ata q\u00eb kan\u00eb nevoj\u00eb t\u00eb punojn\u00eb, kolltuqe t\u00eb rehatshme dhe nj\u00eb krevat queen size.\" \/>\n<meta name=\"robots\" content=\"index, follow, max-snippet:-1, max-image-preview:large, max-video-preview:-1\" \/>\n<link rel=\"canonical\" href=\"https:\/\/www.plazatirana.com\/sq\/dhoma-dhe-suita\/suitat\/\" \/>\n<meta property=\"og:locale\" content=\"sq_AL\" \/>\n<meta property=\"og:type\" content=\"article\" \/>\n<meta property=\"og:title\" content=\"Suitat &#8212; Maritim Hotel Plaza Tirana &#8212;\" \/>\n<meta property=\"og:description\" content=\"Luksoze, t\u00eb rafinuara dhe elegante, k\u00ebto suita p\u00ebrfshijn\u00eb dy dhoma t\u00eb projektuara p\u00ebr t\u2019ju dhuruar qet\u00ebsin\u00eb dhe relaksin q\u00eb ju k\u00ebrkoni, me nj\u00eb pamje panoramike t\u00eb qytetit. Ofrojn\u00eb tavolin\u00eb t\u00eb gjer\u00eb p\u00ebr ata q\u00eb kan\u00eb nevoj\u00eb t\u00eb punojn\u00eb, kolltuqe t\u00eb rehatshme dhe nj\u00eb krevat queen size.\" \/>\n<meta property=\"og:url\" content=\"https:\/\/www.plazatirana.com\/sq\/dhoma-dhe-suita\/suitat\/\" \/>\n<meta property=\"og:site_name\" content=\"Maritim Hotel Plaza Tirana\" \/>\n<meta property=\"article:modified_time\" content=\"2021-11-26T10:47:53+00:00\" \/>\n<meta name=\"twitter:card\" content=\"summary_large_image\" \/>\n<script type=\"application\/ld+json\" class=\"yoast-schema-graph\">{\"@context\":\"https:\/\/schema.org\",\"@graph\":[{\"@type\":\"WebPage\",\"@id\":\"https:\/\/www.plazatirana.com\/sq\/dhoma-dhe-suita\/suitat\/\",\"url\":\"https:\/\/www.plazatirana.com\/sq\/dhoma-dhe-suita\/suitat\/\",\"name\":\"Suitat &#8212; Maritim Hotel Plaza Tirana &#8212;\",\"isPartOf\":{\"@id\":\"https:\/\/www.plazatirana.com\/sq\/#website\"},\"datePublished\":\"2021-11-25T18:37:51+00:00\",\"dateModified\":\"2021-11-26T10:47:53+00:00\",\"description\":\"Luksoze, t\u00eb rafinuara dhe elegante, k\u00ebto suita p\u00ebrfshijn\u00eb dy dhoma t\u00eb projektuara p\u00ebr t\u2019ju dhuruar qet\u00ebsin\u00eb dhe relaksin q\u00eb ju k\u00ebrkoni, me nj\u00eb pamje panoramike t\u00eb qytetit. Ofrojn\u00eb tavolin\u00eb t\u00eb gjer\u00eb p\u00ebr ata q\u00eb kan\u00eb nevoj\u00eb t\u00eb punojn\u00eb, kolltuqe t\u00eb rehatshme dhe nj\u00eb krevat queen size.\",\"breadcrumb\":{\"@id\":\"https:\/\/www.plazatirana.com\/sq\/dhoma-dhe-suita\/suitat\/#breadcrumb\"},\"inLanguage\":\"sq-AL\",\"potentialAction\":[{\"@type\":\"ReadAction\",\"target\":[\"https:\/\/www.plazatirana.com\/sq\/dhoma-dhe-suita\/suitat\/\"]}]},{\"@type\":\"BreadcrumbList\",\"@id\":\"https:\/\/www.plazatirana.com\/sq\/dhoma-dhe-suita\/suitat\/#breadcrumb\",\"itemListElement\":[{\"@type\":\"ListItem\",\"position\":1,\"name\":\"Home\",\"item\":\"https:\/\/www.plazatirana.com\/sq\/\"},{\"@type\":\"ListItem\",\"position\":2,\"name\":\"Dhoma dhe Suita\",\"item\":\"https:\/\/www.plazatirana.com\/sq\/dhoma-dhe-suita\/\"},{\"@type\":\"ListItem\",\"position\":3,\"name\":\"Suitat\"}]},{\"@type\":\"WebSite\",\"@id\":\"https:\/\/www.plazatirana.com\/sq\/#website\",\"url\":\"https:\/\/www.plazatirana.com\/sq\/\",\"name\":\"Maritim Hotel Plaza Tirana\",\"description\":\"Just another ms.decms.eu site\",\"publisher\":{\"@id\":\"https:\/\/www.plazatirana.com\/sq\/#organization\"},\"potentialAction\":[{\"@type\":\"SearchAction\",\"target\":{\"@type\":\"EntryPoint\",\"urlTemplate\":\"https:\/\/www.plazatirana.com\/sq\/?s={search_term_string}\"},\"query-input\":{\"@type\":\"PropertyValueSpecification\",\"valueRequired\":true,\"valueName\":\"search_term_string\"}}],\"inLanguage\":\"sq-AL\"},{\"@type\":\"Organization\",\"@id\":\"https:\/\/www.plazatirana.com\/sq\/#organization\",\"name\":\"Maritim Hotel Plaza Tirana\",\"url\":\"https:\/\/www.plazatirana.com\/sq\/\",\"logo\":{\"@type\":\"ImageObject\",\"inLanguage\":\"sq-AL\",\"@id\":\"https:\/\/www.plazatirana.com\/sq\/#\/schema\/logo\/image\/\",\"url\":\"https:\/\/www.plazatirana.com\/wp-content\/uploads\/sites\/378\/2021\/11\/Maritim-Hotel-Plaza-Tirana-Logo.png\",\"contentUrl\":\"https:\/\/www.plazatirana.com\/wp-content\/uploads\/sites\/378\/2021\/11\/Maritim-Hotel-Plaza-Tirana-Logo.png\",\"width\":300,\"height\":224,\"caption\":\"Maritim Hotel Plaza Tirana\"},\"image\":{\"@id\":\"https:\/\/www.plazatirana.com\/sq\/#\/schema\/logo\/image\/\"}}]}<\/script>\n<!-- \/ Yoast SEO plugin. -->","yoast_head_json":{"title":"Suitat &#8212; Maritim Hotel Plaza Tirana &#8212;","description":"Luksoze, t\u00eb rafinuara dhe elegante, k\u00ebto suita p\u00ebrfshijn\u00eb dy dhoma t\u00eb projektuara p\u00ebr t\u2019ju dhuruar qet\u00ebsin\u00eb dhe relaksin q\u00eb ju k\u00ebrkoni, me nj\u00eb pamje panoramike t\u00eb qytetit. Ofrojn\u00eb tavolin\u00eb t\u00eb gjer\u00eb p\u00ebr ata q\u00eb kan\u00eb nevoj\u00eb t\u00eb punojn\u00eb, kolltuqe t\u00eb rehatshme dhe nj\u00eb krevat queen size.","robots":{"index":"index","follow":"follow","max-snippet":"max-snippet:-1","max-image-preview":"max-image-preview:large","max-video-preview":"max-video-preview:-1"},"canonical":"https:\/\/www.plazatirana.com\/sq\/dhoma-dhe-suita\/suitat\/","og_locale":"sq_AL","og_type":"article","og_title":"Suitat &#8212; Maritim Hotel Plaza Tirana &#8212;","og_description":"Luksoze, t\u00eb rafinuara dhe elegante, k\u00ebto suita p\u00ebrfshijn\u00eb dy dhoma t\u00eb projektuara p\u00ebr t\u2019ju dhuruar qet\u00ebsin\u00eb dhe relaksin q\u00eb ju k\u00ebrkoni, me nj\u00eb pamje panoramike t\u00eb qytetit. Ofrojn\u00eb tavolin\u00eb t\u00eb gjer\u00eb p\u00ebr ata q\u00eb kan\u00eb nevoj\u00eb t\u00eb punojn\u00eb, kolltuqe t\u00eb rehatshme dhe nj\u00eb krevat queen size.","og_url":"https:\/\/www.plazatirana.com\/sq\/dhoma-dhe-suita\/suitat\/","og_site_name":"Maritim Hotel Plaza Tirana","article_modified_time":"2021-11-26T10:47:53+00:00","twitter_card":"summary_large_image","schema":{"@context":"https:\/\/schema.org","@graph":[{"@type":"WebPage","@id":"https:\/\/www.plazatirana.com\/sq\/dhoma-dhe-suita\/suitat\/","url":"https:\/\/www.plazatirana.com\/sq\/dhoma-dhe-suita\/suitat\/","name":"Suitat &#8212; Maritim Hotel Plaza Tirana &#8212;","isPartOf":{"@id":"https:\/\/www.plazatirana.com\/sq\/#website"},"datePublished":"2021-11-25T18:37:51+00:00","dateModified":"2021-11-26T10:47:53+00:00","description":"Luksoze, t\u00eb rafinuara dhe elegante, k\u00ebto suita p\u00ebrfshijn\u00eb dy dhoma t\u00eb projektuara p\u00ebr t\u2019ju dhuruar qet\u00ebsin\u00eb dhe relaksin q\u00eb ju k\u00ebrkoni, me nj\u00eb pamje panoramike t\u00eb qytetit. Ofrojn\u00eb tavolin\u00eb t\u00eb gjer\u00eb p\u00ebr ata q\u00eb kan\u00eb nevoj\u00eb t\u00eb punojn\u00eb, kolltuqe t\u00eb rehatshme dhe nj\u00eb krevat queen size.","breadcrumb":{"@id":"https:\/\/www.plazatirana.com\/sq\/dhoma-dhe-suita\/suitat\/#breadcrumb"},"inLanguage":"sq-AL","potentialAction":[{"@type":"ReadAction","target":["https:\/\/www.plazatirana.com\/sq\/dhoma-dhe-suita\/suitat\/"]}]},{"@type":"BreadcrumbList","@id":"https:\/\/www.plazatirana.com\/sq\/dhoma-dhe-suita\/suitat\/#breadcrumb","itemListElement":[{"@type":"ListItem","position":1,"name":"Home","item":"https:\/\/www.plazatirana.com\/sq\/"},{"@type":"ListItem","position":2,"name":"Dhoma dhe Suita","item":"https:\/\/www.plazatirana.com\/sq\/dhoma-dhe-suita\/"},{"@type":"ListItem","position":3,"name":"Suitat"}]},{"@type":"WebSite","@id":"https:\/\/www.plazatirana.com\/sq\/#website","url":"https:\/\/www.plazatirana.com\/sq\/","name":"Maritim Hotel Plaza Tirana","description":"Just another ms.decms.eu site","publisher":{"@id":"https:\/\/www.plazatirana.com\/sq\/#organization"},"potentialAction":[{"@type":"SearchAction","target":{"@type":"EntryPoint","urlTemplate":"https:\/\/www.plazatirana.com\/sq\/?s={search_term_string}"},"query-input":{"@type":"PropertyValueSpecification","valueRequired":true,"valueName":"search_term_string"}}],"inLanguage":"sq-AL"},{"@type":"Organization","@id":"https:\/\/www.plazatirana.com\/sq\/#organization","name":"Maritim Hotel Plaza Tirana","url":"https:\/\/www.plazatirana.com\/sq\/","logo":{"@type":"ImageObject","inLanguage":"sq-AL","@id":"https:\/\/www.plazatirana.com\/sq\/#\/schema\/logo\/image\/","url":"https:\/\/www.plazatirana.com\/wp-content\/uploads\/sites\/378\/2021\/11\/Maritim-Hotel-Plaza-Tirana-Logo.png","contentUrl":"https:\/\/www.plazatirana.com\/wp-content\/uploads\/sites\/378\/2021\/11\/Maritim-Hotel-Plaza-Tirana-Logo.png","width":300,"height":224,"caption":"Maritim Hotel Plaza Tirana"},"image":{"@id":"https:\/\/www.plazatirana.com\/sq\/#\/schema\/logo\/image\/"}}]}},"acf":[],"_links":{"self":[{"href":"https:\/\/www.plazatirana.com\/sq\/wp-json\/wp\/v2\/pages\/176","targetHints":{"allow":["GET"]}}],"collection":[{"href":"https:\/\/www.plazatirana.com\/sq\/wp-json\/wp\/v2\/pages"}],"about":[{"href":"https:\/\/www.plazatirana.com\/sq\/wp-json\/wp\/v2\/types\/page"}],"author":[{"embeddable":true,"href":"https:\/\/www.plazatirana.com\/sq\/wp-json\/wp\/v2\/users\/7"}],"replies":[{"embeddable":true,"href":"https:\/\/www.plazatirana.com\/sq\/wp-json\/wp\/v2\/comments?post=176"}],"version-history":[{"count":0,"href":"https:\/\/www.plazatirana.com\/sq\/wp-json\/wp\/v2\/pages\/176\/revisions"}],"up":[{"embeddable":true,"href":"https:\/\/www.plazatirana.com\/sq\/wp-json\/wp\/v2\/pages\/93"}],"wp:attachment":[{"href":"https:\/\/www.plazatirana.com\/sq\/wp-json\/wp\/v2\/media?parent=176"}],"curies":[{"name":"wp","href":"https:\/\/api.w.org\/{rel}","templated":true}]}}

<p>Luksoze, të rafinuara dhe elegante, këto suita përfshijnë dy dhoma të projektuara për t’ju dhuruar qetësinë dhe relaksin që ju kërkoni, me një pamje panoramike të qytetit. Ofrojnë tavolinë të gjerë për ata që kanë nevojë të punojnë, kolltuqe të rehatshme dhe një krevat queen size.</p>

<!-- This site is optimized with the Yoast SEO plugin v26.9 - https://yoast.com/product/yoast-seo-wordpress/ -->
<title>Suitat &#8212; Maritim Hotel Plaza Tirana &#8212;</title>
<meta name="description" content="Luksoze, të rafinuara dhe elegante, këto suita përfshijnë dy dhoma të projektuara për t’ju dhuruar qetësinë dhe relaksin që ju kërkoni, me një pamje panoramike të qytetit. Ofrojnë tavolinë të gjerë për ata që kanë nevojë të punojnë, kolltuqe të rehatshme dhe një krevat queen size." />
<meta name="robots" content="index, follow, max-snippet:-1, max-image-preview:large, max-video-preview:-1" />
<link rel="canonical" href="https://www.plazatirana.com/sq/dhoma-dhe-suita/suitat/" />
<meta property="og:locale" content="sq_AL" />
<meta property="og:type" content="article" />
<meta property="og:title" content="Suitat &#8212; Maritim Hotel Plaza Tirana &#8212;" />
<meta property="og:description" content="Luksoze, të rafinuara dhe elegante, këto suita përfshijnë dy dhoma të projektuara për t’ju dhuruar qetësinë dhe relaksin që ju kërkoni, me një pamje panoramike të qytetit. Ofrojnë tavolinë të gjerë për ata që kanë nevojë të punojnë, kolltuqe të rehatshme dhe një krevat queen size." />
<meta property="og:url" content="https://www.plazatirana.com/sq/dhoma-dhe-suita/suitat/" />
<meta property="og:site_name" content="Maritim Hotel Plaza Tirana" />
<meta property="article:modified_time" content="2021-11-26T10:47:53+00:00" />
<meta name="twitter:card" content="summary_large_image" />
<script type="application/ld+json" class="yoast-schema-graph">{"@context":"https://schema.org","@graph":[{"@type":"WebPage","@id":"https://www.plazatirana.com/sq/dhoma-dhe-suita/suitat/","url":"https://www.plazatirana.com/sq/dhoma-dhe-suita/suitat/","name":"Suitat &#8212; Maritim Hotel Plaza Tirana &#8212;","isPartOf":{"@id":"https://www.plazatirana.com/sq/#website"},"datePublished":"2021-11-25T18:37:51+00:00","dateModified":"2021-11-26T10:47:53+00:00","description":"Luksoze, të rafinuara dhe elegante, këto suita përfshijnë dy dhoma të projektuara për t’ju dhuruar qetësinë dhe relaksin që ju kërkoni, me një pamje panoramike të qytetit. Ofrojnë tavolinë të gjerë për ata që kanë nevojë të punojnë, kolltuqe të rehatshme dhe një krevat queen size.","breadcrumb":{"@id":"https://www.plazatirana.com/sq/dhoma-dhe-suita/suitat/#breadcrumb"},"inLanguage":"sq-AL","potentialAction":[{"@type":"ReadAction","target":["https://www.plazatirana.com/sq/dhoma-dhe-suita/suitat/"]}]},{"@type":"BreadcrumbList","@id":"https://www.plazatirana.com/sq/dhoma-dhe-suita/suitat/#breadcrumb","itemListElement":[{"@type":"ListItem","position":1,"name":"Home","item":"https://www.plazatirana.com/sq/"},{"@type":"ListItem","position":2,"name":"Dhoma dhe Suita","item":"https://www.plazatirana.com/sq/dhoma-dhe-suita/"},{"@type":"ListItem","position":3,"name":"Suitat"}]},{"@type":"WebSite","@id":"https://www.plazatirana.com/sq/#website","url":"https://www.plazatirana.com/sq/","name":"Maritim Hotel Plaza Tirana","description":"Just another ms.decms.eu site","publisher":{"@id":"https://www.plazatirana.com/sq/#organization"},"potentialAction":[{"@type":"SearchAction","target":{"@type":"EntryPoint","urlTemplate":"https://www.plazatirana.com/sq/?s={search_term_string}"},"query-input":{"@type":"PropertyValueSpecification","valueRequired":true,"valueName":"search_term_string"}}],"inLanguage":"sq-AL"},{"@type":"Organization","@id":"https://www.plazatirana.com/sq/#organization","name":"Maritim Hotel Plaza Tirana","url":"https://www.plazatirana.com/sq/","logo":{"@type":"ImageObject","inLanguage":"sq-AL","@id":"https://www.plazatirana.com/sq/#/schema/logo/image/","url":"https://www.plazatirana.com/wp-content/uploads/sites/378/2021/11/Maritim-Hotel-Plaza-Tirana-Logo.png","contentUrl":"https://www.plazatirana.com/wp-content/uploads/sites/378/2021/11/Maritim-Hotel-Plaza-Tirana-Logo.png","width":300,"height":224,"caption":"Maritim Hotel Plaza Tirana"},"image":{"@id":"https://www.plazatirana.com/sq/#/schema/logo/image/"}}]}</script>
<!-- / Yoast SEO plugin. -->

Luksoze, të rafinuara dhe elegante, këto suita përfshijnë dy dhoma të projektuara për t’ju dhuruar qetësinë dhe relaksin që ju kërkoni, me një pamje panoramike të qytetit. Ofrojnë tavolinë të gjerë për ata që kanë nevojë të punojnë, kolltuqe të rehatshme dhe një krevat queen size.
