{"id":153,"date":"2021-11-25T13:46:22","date_gmt":"2021-11-25T13:46:22","guid":{"rendered":"https:\/\/plaza-tirana.ms.decms.eu\/dhoma-dhe-suita\/deluxe-room\/"},"modified":"2021-11-25T16:14:49","modified_gmt":"2021-11-25T16:14:49","slug":"dhoma-deluks","status":"publish","type":"page","link":"https:\/\/www.plazatirana.com\/sq\/dhoma-dhe-suita\/dhoma-deluks\/","title":{"rendered":"Dhoma Deluks"},"content":{"rendered":"<p>Rikthehuni n\u00eb nj\u00eb ambient t\u00eb rehatsh\u00ebm pas nj\u00eb dite biznesi apo k\u00ebnaq\u00ebsie. Dhomat tona Deluxe kombinojn\u00eb rehatin\u00eb me stilin bashk\u00ebkohor, gjithashtu sigurojn\u00eb nj\u00eb pamje t\u00eb mrekullueshme t\u00eb qytetit. \u00c7do dhom\u00eb ju jep rehatin\u00eb q\u00eb ju k\u00ebrkoni, duke p\u00ebrfshir\u00eb nj\u00eb ambient ndenjeje, dhe krevate queen size.<\/p>\n","protected":false},"excerpt":{"rendered":"<p>Rikthehuni n\u00eb nj\u00eb ambient t\u00eb rehatsh\u00ebm pas nj\u00eb dite biznesi apo k\u00ebnaq\u00ebsie. Dhomat tona Deluxe kombinojn\u00eb rehatin\u00eb me stilin bashk\u00ebkohor, gjithashtu sigurojn\u00eb nj\u00eb pamje t\u00eb mrekullueshme t\u00eb qytetit. \u00c7do dhom\u00eb ju jep rehatin\u00eb q\u00eb ju k\u00ebrkoni, duke p\u00ebrfshir\u00eb nj\u00eb ambient ndenjeje, dhe krevate queen size.<\/p>\n","protected":false},"author":7,"featured_media":0,"parent":93,"menu_order":3,"comment_status":"closed","ping_status":"closed","template":"template-single-room.php","meta":{"footnotes":""},"class_list":["post-153","page","type-page","status-publish","hentry"],"yoast_head":"<!-- This site is optimized with the Yoast SEO plugin v26.9 - https:\/\/yoast.com\/product\/yoast-seo-wordpress\/ -->\n<title>Dhoma Deluks &#8212; Maritim Hotel Plaza Tirana &#8212;<\/title>\n<meta name=\"description\" content=\"Rikthehuni n\u00eb nj\u00eb ambient t\u00eb rehatsh\u00ebm pas nj\u00eb dite biznesi apo k\u00ebnaq\u00ebsie. Dhomat tona Deluxe kombinojn\u00eb rehatin\u00eb me stilin bashk\u00ebkohor, gjithashtu sigurojn\u00eb nj\u00eb pamje t\u00eb mrekullueshme t\u00eb qytetit\" \/>\n<meta name=\"robots\" content=\"index, follow, max-snippet:-1, max-image-preview:large, max-video-preview:-1\" \/>\n<link rel=\"canonical\" href=\"https:\/\/www.plazatirana.com\/sq\/dhoma-dhe-suita\/dhoma-deluks\/\" \/>\n<meta property=\"og:locale\" content=\"sq_AL\" \/>\n<meta property=\"og:type\" content=\"article\" \/>\n<meta property=\"og:title\" content=\"Dhoma Deluks &#8212; Maritim Hotel Plaza Tirana &#8212;\" \/>\n<meta property=\"og:description\" content=\"Rikthehuni n\u00eb nj\u00eb ambient t\u00eb rehatsh\u00ebm pas nj\u00eb dite biznesi apo k\u00ebnaq\u00ebsie. Dhomat tona Deluxe kombinojn\u00eb rehatin\u00eb me stilin bashk\u00ebkohor, gjithashtu sigurojn\u00eb nj\u00eb pamje t\u00eb mrekullueshme t\u00eb qytetit\" \/>\n<meta property=\"og:url\" content=\"https:\/\/www.plazatirana.com\/sq\/dhoma-dhe-suita\/dhoma-deluks\/\" \/>\n<meta property=\"og:site_name\" content=\"Maritim Hotel Plaza Tirana\" \/>\n<meta property=\"article:modified_time\" content=\"2021-11-25T16:14:49+00:00\" \/>\n<meta name=\"twitter:card\" content=\"summary_large_image\" \/>\n<script type=\"application\/ld+json\" class=\"yoast-schema-graph\">{\"@context\":\"https:\/\/schema.org\",\"@graph\":[{\"@type\":\"WebPage\",\"@id\":\"https:\/\/www.plazatirana.com\/sq\/dhoma-dhe-suita\/dhoma-deluks\/\",\"url\":\"https:\/\/www.plazatirana.com\/sq\/dhoma-dhe-suita\/dhoma-deluks\/\",\"name\":\"Dhoma Deluks &#8212; Maritim Hotel Plaza Tirana &#8212;\",\"isPartOf\":{\"@id\":\"https:\/\/www.plazatirana.com\/sq\/#website\"},\"datePublished\":\"2021-11-25T13:46:22+00:00\",\"dateModified\":\"2021-11-25T16:14:49+00:00\",\"description\":\"Rikthehuni n\u00eb nj\u00eb ambient t\u00eb rehatsh\u00ebm pas nj\u00eb dite biznesi apo k\u00ebnaq\u00ebsie. Dhomat tona Deluxe kombinojn\u00eb rehatin\u00eb me stilin bashk\u00ebkohor, gjithashtu sigurojn\u00eb nj\u00eb pamje t\u00eb mrekullueshme t\u00eb qytetit\",\"breadcrumb\":{\"@id\":\"https:\/\/www.plazatirana.com\/sq\/dhoma-dhe-suita\/dhoma-deluks\/#breadcrumb\"},\"inLanguage\":\"sq-AL\",\"potentialAction\":[{\"@type\":\"ReadAction\",\"target\":[\"https:\/\/www.plazatirana.com\/sq\/dhoma-dhe-suita\/dhoma-deluks\/\"]}]},{\"@type\":\"BreadcrumbList\",\"@id\":\"https:\/\/www.plazatirana.com\/sq\/dhoma-dhe-suita\/dhoma-deluks\/#breadcrumb\",\"itemListElement\":[{\"@type\":\"ListItem\",\"position\":1,\"name\":\"Home\",\"item\":\"https:\/\/www.plazatirana.com\/sq\/\"},{\"@type\":\"ListItem\",\"position\":2,\"name\":\"Dhoma dhe Suita\",\"item\":\"https:\/\/www.plazatirana.com\/sq\/dhoma-dhe-suita\/\"},{\"@type\":\"ListItem\",\"position\":3,\"name\":\"Dhoma Deluks\"}]},{\"@type\":\"WebSite\",\"@id\":\"https:\/\/www.plazatirana.com\/sq\/#website\",\"url\":\"https:\/\/www.plazatirana.com\/sq\/\",\"name\":\"Maritim Hotel Plaza Tirana\",\"description\":\"Just another ms.decms.eu site\",\"publisher\":{\"@id\":\"https:\/\/www.plazatirana.com\/sq\/#organization\"},\"potentialAction\":[{\"@type\":\"SearchAction\",\"target\":{\"@type\":\"EntryPoint\",\"urlTemplate\":\"https:\/\/www.plazatirana.com\/sq\/?s={search_term_string}\"},\"query-input\":{\"@type\":\"PropertyValueSpecification\",\"valueRequired\":true,\"valueName\":\"search_term_string\"}}],\"inLanguage\":\"sq-AL\"},{\"@type\":\"Organization\",\"@id\":\"https:\/\/www.plazatirana.com\/sq\/#organization\",\"name\":\"Maritim Hotel Plaza Tirana\",\"url\":\"https:\/\/www.plazatirana.com\/sq\/\",\"logo\":{\"@type\":\"ImageObject\",\"inLanguage\":\"sq-AL\",\"@id\":\"https:\/\/www.plazatirana.com\/sq\/#\/schema\/logo\/image\/\",\"url\":\"https:\/\/www.plazatirana.com\/wp-content\/uploads\/sites\/378\/2021\/11\/Maritim-Hotel-Plaza-Tirana-Logo.png\",\"contentUrl\":\"https:\/\/www.plazatirana.com\/wp-content\/uploads\/sites\/378\/2021\/11\/Maritim-Hotel-Plaza-Tirana-Logo.png\",\"width\":300,\"height\":224,\"caption\":\"Maritim Hotel Plaza Tirana\"},\"image\":{\"@id\":\"https:\/\/www.plazatirana.com\/sq\/#\/schema\/logo\/image\/\"}}]}<\/script>\n<!-- \/ Yoast SEO plugin. -->","yoast_head_json":{"title":"Dhoma Deluks &#8212; Maritim Hotel Plaza Tirana &#8212;","description":"Rikthehuni n\u00eb nj\u00eb ambient t\u00eb rehatsh\u00ebm pas nj\u00eb dite biznesi apo k\u00ebnaq\u00ebsie. Dhomat tona Deluxe kombinojn\u00eb rehatin\u00eb me stilin bashk\u00ebkohor, gjithashtu sigurojn\u00eb nj\u00eb pamje t\u00eb mrekullueshme t\u00eb qytetit","robots":{"index":"index","follow":"follow","max-snippet":"max-snippet:-1","max-image-preview":"max-image-preview:large","max-video-preview":"max-video-preview:-1"},"canonical":"https:\/\/www.plazatirana.com\/sq\/dhoma-dhe-suita\/dhoma-deluks\/","og_locale":"sq_AL","og_type":"article","og_title":"Dhoma Deluks &#8212; Maritim Hotel Plaza Tirana &#8212;","og_description":"Rikthehuni n\u00eb nj\u00eb ambient t\u00eb rehatsh\u00ebm pas nj\u00eb dite biznesi apo k\u00ebnaq\u00ebsie. Dhomat tona Deluxe kombinojn\u00eb rehatin\u00eb me stilin bashk\u00ebkohor, gjithashtu sigurojn\u00eb nj\u00eb pamje t\u00eb mrekullueshme t\u00eb qytetit","og_url":"https:\/\/www.plazatirana.com\/sq\/dhoma-dhe-suita\/dhoma-deluks\/","og_site_name":"Maritim Hotel Plaza Tirana","article_modified_time":"2021-11-25T16:14:49+00:00","twitter_card":"summary_large_image","schema":{"@context":"https:\/\/schema.org","@graph":[{"@type":"WebPage","@id":"https:\/\/www.plazatirana.com\/sq\/dhoma-dhe-suita\/dhoma-deluks\/","url":"https:\/\/www.plazatirana.com\/sq\/dhoma-dhe-suita\/dhoma-deluks\/","name":"Dhoma Deluks &#8212; Maritim Hotel Plaza Tirana &#8212;","isPartOf":{"@id":"https:\/\/www.plazatirana.com\/sq\/#website"},"datePublished":"2021-11-25T13:46:22+00:00","dateModified":"2021-11-25T16:14:49+00:00","description":"Rikthehuni n\u00eb nj\u00eb ambient t\u00eb rehatsh\u00ebm pas nj\u00eb dite biznesi apo k\u00ebnaq\u00ebsie. Dhomat tona Deluxe kombinojn\u00eb rehatin\u00eb me stilin bashk\u00ebkohor, gjithashtu sigurojn\u00eb nj\u00eb pamje t\u00eb mrekullueshme t\u00eb qytetit","breadcrumb":{"@id":"https:\/\/www.plazatirana.com\/sq\/dhoma-dhe-suita\/dhoma-deluks\/#breadcrumb"},"inLanguage":"sq-AL","potentialAction":[{"@type":"ReadAction","target":["https:\/\/www.plazatirana.com\/sq\/dhoma-dhe-suita\/dhoma-deluks\/"]}]},{"@type":"BreadcrumbList","@id":"https:\/\/www.plazatirana.com\/sq\/dhoma-dhe-suita\/dhoma-deluks\/#breadcrumb","itemListElement":[{"@type":"ListItem","position":1,"name":"Home","item":"https:\/\/www.plazatirana.com\/sq\/"},{"@type":"ListItem","position":2,"name":"Dhoma dhe Suita","item":"https:\/\/www.plazatirana.com\/sq\/dhoma-dhe-suita\/"},{"@type":"ListItem","position":3,"name":"Dhoma Deluks"}]},{"@type":"WebSite","@id":"https:\/\/www.plazatirana.com\/sq\/#website","url":"https:\/\/www.plazatirana.com\/sq\/","name":"Maritim Hotel Plaza Tirana","description":"Just another ms.decms.eu site","publisher":{"@id":"https:\/\/www.plazatirana.com\/sq\/#organization"},"potentialAction":[{"@type":"SearchAction","target":{"@type":"EntryPoint","urlTemplate":"https:\/\/www.plazatirana.com\/sq\/?s={search_term_string}"},"query-input":{"@type":"PropertyValueSpecification","valueRequired":true,"valueName":"search_term_string"}}],"inLanguage":"sq-AL"},{"@type":"Organization","@id":"https:\/\/www.plazatirana.com\/sq\/#organization","name":"Maritim Hotel Plaza Tirana","url":"https:\/\/www.plazatirana.com\/sq\/","logo":{"@type":"ImageObject","inLanguage":"sq-AL","@id":"https:\/\/www.plazatirana.com\/sq\/#\/schema\/logo\/image\/","url":"https:\/\/www.plazatirana.com\/wp-content\/uploads\/sites\/378\/2021\/11\/Maritim-Hotel-Plaza-Tirana-Logo.png","contentUrl":"https:\/\/www.plazatirana.com\/wp-content\/uploads\/sites\/378\/2021\/11\/Maritim-Hotel-Plaza-Tirana-Logo.png","width":300,"height":224,"caption":"Maritim Hotel Plaza Tirana"},"image":{"@id":"https:\/\/www.plazatirana.com\/sq\/#\/schema\/logo\/image\/"}}]}},"acf":[],"_links":{"self":[{"href":"https:\/\/www.plazatirana.com\/sq\/wp-json\/wp\/v2\/pages\/153","targetHints":{"allow":["GET"]}}],"collection":[{"href":"https:\/\/www.plazatirana.com\/sq\/wp-json\/wp\/v2\/pages"}],"about":[{"href":"https:\/\/www.plazatirana.com\/sq\/wp-json\/wp\/v2\/types\/page"}],"author":[{"embeddable":true,"href":"https:\/\/www.plazatirana.com\/sq\/wp-json\/wp\/v2\/users\/7"}],"replies":[{"embeddable":true,"href":"https:\/\/www.plazatirana.com\/sq\/wp-json\/wp\/v2\/comments?post=153"}],"version-history":[{"count":0,"href":"https:\/\/www.plazatirana.com\/sq\/wp-json\/wp\/v2\/pages\/153\/revisions"}],"up":[{"embeddable":true,"href":"https:\/\/www.plazatirana.com\/sq\/wp-json\/wp\/v2\/pages\/93"}],"wp:attachment":[{"href":"https:\/\/www.plazatirana.com\/sq\/wp-json\/wp\/v2\/media?parent=153"}],"curies":[{"name":"wp","href":"https:\/\/api.w.org\/{rel}","templated":true}]}}

<p>Rikthehuni në një ambient të rehatshëm pas një dite biznesi apo kënaqësie. Dhomat tona Deluxe kombinojnë rehatinë me stilin bashkëkohor, gjithashtu sigurojnë një pamje të mrekullueshme të qytetit. Çdo dhomë ju jep rehatinë që ju kërkoni, duke përfshirë një ambient ndenjeje, dhe krevate queen size.</p>

<!-- This site is optimized with the Yoast SEO plugin v26.9 - https://yoast.com/product/yoast-seo-wordpress/ -->
<title>Dhoma Deluks &#8212; Maritim Hotel Plaza Tirana &#8212;</title>
<meta name="description" content="Rikthehuni në një ambient të rehatshëm pas një dite biznesi apo kënaqësie. Dhomat tona Deluxe kombinojnë rehatinë me stilin bashkëkohor, gjithashtu sigurojnë një pamje të mrekullueshme të qytetit" />
<meta name="robots" content="index, follow, max-snippet:-1, max-image-preview:large, max-video-preview:-1" />
<link rel="canonical" href="https://www.plazatirana.com/sq/dhoma-dhe-suita/dhoma-deluks/" />
<meta property="og:locale" content="sq_AL" />
<meta property="og:type" content="article" />
<meta property="og:title" content="Dhoma Deluks &#8212; Maritim Hotel Plaza Tirana &#8212;" />
<meta property="og:description" content="Rikthehuni në një ambient të rehatshëm pas një dite biznesi apo kënaqësie. Dhomat tona Deluxe kombinojnë rehatinë me stilin bashkëkohor, gjithashtu sigurojnë një pamje të mrekullueshme të qytetit" />
<meta property="og:url" content="https://www.plazatirana.com/sq/dhoma-dhe-suita/dhoma-deluks/" />
<meta property="og:site_name" content="Maritim Hotel Plaza Tirana" />
<meta property="article:modified_time" content="2021-11-25T16:14:49+00:00" />
<meta name="twitter:card" content="summary_large_image" />
<script type="application/ld+json" class="yoast-schema-graph">{"@context":"https://schema.org","@graph":[{"@type":"WebPage","@id":"https://www.plazatirana.com/sq/dhoma-dhe-suita/dhoma-deluks/","url":"https://www.plazatirana.com/sq/dhoma-dhe-suita/dhoma-deluks/","name":"Dhoma Deluks &#8212; Maritim Hotel Plaza Tirana &#8212;","isPartOf":{"@id":"https://www.plazatirana.com/sq/#website"},"datePublished":"2021-11-25T13:46:22+00:00","dateModified":"2021-11-25T16:14:49+00:00","description":"Rikthehuni në një ambient të rehatshëm pas një dite biznesi apo kënaqësie. Dhomat tona Deluxe kombinojnë rehatinë me stilin bashkëkohor, gjithashtu sigurojnë një pamje të mrekullueshme të qytetit","breadcrumb":{"@id":"https://www.plazatirana.com/sq/dhoma-dhe-suita/dhoma-deluks/#breadcrumb"},"inLanguage":"sq-AL","potentialAction":[{"@type":"ReadAction","target":["https://www.plazatirana.com/sq/dhoma-dhe-suita/dhoma-deluks/"]}]},{"@type":"BreadcrumbList","@id":"https://www.plazatirana.com/sq/dhoma-dhe-suita/dhoma-deluks/#breadcrumb","itemListElement":[{"@type":"ListItem","position":1,"name":"Home","item":"https://www.plazatirana.com/sq/"},{"@type":"ListItem","position":2,"name":"Dhoma dhe Suita","item":"https://www.plazatirana.com/sq/dhoma-dhe-suita/"},{"@type":"ListItem","position":3,"name":"Dhoma Deluks"}]},{"@type":"WebSite","@id":"https://www.plazatirana.com/sq/#website","url":"https://www.plazatirana.com/sq/","name":"Maritim Hotel Plaza Tirana","description":"Just another ms.decms.eu site","publisher":{"@id":"https://www.plazatirana.com/sq/#organization"},"potentialAction":[{"@type":"SearchAction","target":{"@type":"EntryPoint","urlTemplate":"https://www.plazatirana.com/sq/?s={search_term_string}"},"query-input":{"@type":"PropertyValueSpecification","valueRequired":true,"valueName":"search_term_string"}}],"inLanguage":"sq-AL"},{"@type":"Organization","@id":"https://www.plazatirana.com/sq/#organization","name":"Maritim Hotel Plaza Tirana","url":"https://www.plazatirana.com/sq/","logo":{"@type":"ImageObject","inLanguage":"sq-AL","@id":"https://www.plazatirana.com/sq/#/schema/logo/image/","url":"https://www.plazatirana.com/wp-content/uploads/sites/378/2021/11/Maritim-Hotel-Plaza-Tirana-Logo.png","contentUrl":"https://www.plazatirana.com/wp-content/uploads/sites/378/2021/11/Maritim-Hotel-Plaza-Tirana-Logo.png","width":300,"height":224,"caption":"Maritim Hotel Plaza Tirana"},"image":{"@id":"https://www.plazatirana.com/sq/#/schema/logo/image/"}}]}</script>
<!-- / Yoast SEO plugin. -->

Rikthehuni në një ambient të rehatshëm pas një dite biznesi apo kënaqësie. Dhomat tona Deluxe kombinojnë rehatinë me stilin bashkëkohor, gjithashtu sigurojnë një pamje të mrekullueshme të qytetit
