{"id":456,"date":"2021-11-30T11:34:21","date_gmt":"2021-11-30T11:34:21","guid":{"rendered":"https:\/\/plaza-tirana.ms.decms.eu\/?page_id=456"},"modified":"2021-11-30T11:34:21","modified_gmt":"2021-11-30T11:34:21","slug":"veranstaltungsraume","status":"publish","type":"page","link":"https:\/\/www.plazatirana.com\/de\/veranstaltungsraume\/","title":{"rendered":"Veranstaltungsraume"},"content":{"rendered":"<p>Die Maritim Hotel Plaza Tirana bietet 760 m2 Tagungs- und Veranstaltungsraum und k\u00f6nnen bis 2200 G\u00e4ste beherbergen. <strong>State-of- the-art- Multimedia-Technologie<\/strong> und Wireless- Internet \u2013Verbindung ist auch Verf\u00fcgbar. <strong>Kompetente Veranstaltungsplanung Personal<\/strong> bietet unverwechselbare Men\u00fcs, Dekor, Unterhaltung mit einem Schwerpunkt auf Originalit\u00e4t, Qualit\u00e4t und herausragenden Service an.<\/p>\n<p>Von kleinen Sitzungen bis zu extravaganten Bankett, <strong>ist Maritim Hotel Plaza Tirana<\/strong> eine bemerkenswerteste Ort f\u00fcr Veranstaltungen aller Art.<\/p>\n","protected":false},"excerpt":{"rendered":"<p>Die Maritim Hotel Plaza Tirana bietet 760 m2 Tagungs- und Veranstaltungsraum und k\u00f6nnen bis 2200 G\u00e4ste beherbergen. State-of- the-art- Multimedia-Technologie und Wireless- Internet \u2013Verbindung ist auch Verf\u00fcgbar. Kompetente Veranstaltungsplanung Personal bietet unverwechselbare Men\u00fcs, Dekor, Unterhaltung mit einem Schwerpunkt auf Originalit\u00e4t, Qualit\u00e4t und herausragenden Service an. Von kleinen Sitzungen bis zu extravaganten Bankett, ist Maritim Hotel [&hellip;]<\/p>\n","protected":false},"author":7,"featured_media":0,"parent":0,"menu_order":35,"comment_status":"closed","ping_status":"closed","template":"","meta":{"footnotes":""},"class_list":["post-456","page","type-page","status-publish","hentry"],"yoast_head":"<!-- This site is optimized with the Yoast SEO plugin v26.9 - https:\/\/yoast.com\/product\/yoast-seo-wordpress\/ -->\n<title>Veranstaltungsraume &#8212; Maritim Hotel Plaza Tirana &#8212;<\/title>\n<meta name=\"description\" content=\"Die Maritim Hotel Plaza Tirana bietet 760 m2 Tagungs- und Veranstaltungsraum und k\u00f6nnen bis 2200 G\u00e4ste beherbergen. State-of- the-art- Multimedia-Technologie und Wireless- Internet \u2013Verbindung ist auch Verf\u00fcgbar\" \/>\n<meta name=\"robots\" content=\"index, follow, max-snippet:-1, max-image-preview:large, max-video-preview:-1\" \/>\n<link rel=\"canonical\" href=\"https:\/\/www.plazatirana.com\/de\/veranstaltungsraume\/\" \/>\n<meta property=\"og:locale\" content=\"de_DE\" \/>\n<meta property=\"og:type\" content=\"article\" \/>\n<meta property=\"og:title\" content=\"Veranstaltungsraume &#8212; Maritim Hotel Plaza Tirana &#8212;\" \/>\n<meta property=\"og:description\" content=\"Die Maritim Hotel Plaza Tirana bietet 760 m2 Tagungs- und Veranstaltungsraum und k\u00f6nnen bis 2200 G\u00e4ste beherbergen. State-of- the-art- Multimedia-Technologie und Wireless- Internet \u2013Verbindung ist auch Verf\u00fcgbar\" \/>\n<meta property=\"og:url\" content=\"https:\/\/www.plazatirana.com\/de\/veranstaltungsraume\/\" \/>\n<meta property=\"og:site_name\" content=\"Maritim Hotel Plaza Tirana\" \/>\n<meta name=\"twitter:card\" content=\"summary_large_image\" \/>\n<meta name=\"twitter:label1\" content=\"Gesch\u00e4tzte Lesezeit\" \/>\n\t<meta name=\"twitter:data1\" content=\"1 Minute\" \/>\n<script type=\"application\/ld+json\" class=\"yoast-schema-graph\">{\"@context\":\"https:\/\/schema.org\",\"@graph\":[{\"@type\":\"WebPage\",\"@id\":\"https:\/\/www.plazatirana.com\/de\/veranstaltungsraume\/\",\"url\":\"https:\/\/www.plazatirana.com\/de\/veranstaltungsraume\/\",\"name\":\"Veranstaltungsraume &#8212; Maritim Hotel Plaza Tirana &#8212;\",\"isPartOf\":{\"@id\":\"https:\/\/www.plazatirana.com\/de\/#website\"},\"datePublished\":\"2021-11-30T11:34:21+00:00\",\"description\":\"Die Maritim Hotel Plaza Tirana bietet 760 m2 Tagungs- und Veranstaltungsraum und k\u00f6nnen bis 2200 G\u00e4ste beherbergen. State-of- the-art- Multimedia-Technologie und Wireless- Internet \u2013Verbindung ist auch Verf\u00fcgbar\",\"breadcrumb\":{\"@id\":\"https:\/\/www.plazatirana.com\/de\/veranstaltungsraume\/#breadcrumb\"},\"inLanguage\":\"de-DE\",\"potentialAction\":[{\"@type\":\"ReadAction\",\"target\":[\"https:\/\/www.plazatirana.com\/de\/veranstaltungsraume\/\"]}]},{\"@type\":\"BreadcrumbList\",\"@id\":\"https:\/\/www.plazatirana.com\/de\/veranstaltungsraume\/#breadcrumb\",\"itemListElement\":[{\"@type\":\"ListItem\",\"position\":1,\"name\":\"Home\",\"item\":\"https:\/\/www.plazatirana.com\/de\/\"},{\"@type\":\"ListItem\",\"position\":2,\"name\":\"Veranstaltungsraume\"}]},{\"@type\":\"WebSite\",\"@id\":\"https:\/\/www.plazatirana.com\/de\/#website\",\"url\":\"https:\/\/www.plazatirana.com\/de\/\",\"name\":\"Maritim Hotel Plaza Tirana\",\"description\":\"Just another ms.decms.eu site\",\"publisher\":{\"@id\":\"https:\/\/www.plazatirana.com\/de\/#organization\"},\"potentialAction\":[{\"@type\":\"SearchAction\",\"target\":{\"@type\":\"EntryPoint\",\"urlTemplate\":\"https:\/\/www.plazatirana.com\/de\/?s={search_term_string}\"},\"query-input\":{\"@type\":\"PropertyValueSpecification\",\"valueRequired\":true,\"valueName\":\"search_term_string\"}}],\"inLanguage\":\"de-DE\"},{\"@type\":\"Organization\",\"@id\":\"https:\/\/www.plazatirana.com\/de\/#organization\",\"name\":\"Maritim Hotel Plaza Tirana\",\"url\":\"https:\/\/www.plazatirana.com\/de\/\",\"logo\":{\"@type\":\"ImageObject\",\"inLanguage\":\"de-DE\",\"@id\":\"https:\/\/www.plazatirana.com\/de\/#\/schema\/logo\/image\/\",\"url\":\"https:\/\/www.plazatirana.com\/wp-content\/uploads\/sites\/378\/2021\/11\/Maritim-Hotel-Plaza-Tirana-Logo.png\",\"contentUrl\":\"https:\/\/www.plazatirana.com\/wp-content\/uploads\/sites\/378\/2021\/11\/Maritim-Hotel-Plaza-Tirana-Logo.png\",\"width\":300,\"height\":224,\"caption\":\"Maritim Hotel Plaza Tirana\"},\"image\":{\"@id\":\"https:\/\/www.plazatirana.com\/de\/#\/schema\/logo\/image\/\"}}]}<\/script>\n<!-- \/ Yoast SEO plugin. -->","yoast_head_json":{"title":"Veranstaltungsraume &#8212; Maritim Hotel Plaza Tirana &#8212;","description":"Die Maritim Hotel Plaza Tirana bietet 760 m2 Tagungs- und Veranstaltungsraum und k\u00f6nnen bis 2200 G\u00e4ste beherbergen. State-of- the-art- Multimedia-Technologie und Wireless- Internet \u2013Verbindung ist auch Verf\u00fcgbar","robots":{"index":"index","follow":"follow","max-snippet":"max-snippet:-1","max-image-preview":"max-image-preview:large","max-video-preview":"max-video-preview:-1"},"canonical":"https:\/\/www.plazatirana.com\/de\/veranstaltungsraume\/","og_locale":"de_DE","og_type":"article","og_title":"Veranstaltungsraume &#8212; Maritim Hotel Plaza Tirana &#8212;","og_description":"Die Maritim Hotel Plaza Tirana bietet 760 m2 Tagungs- und Veranstaltungsraum und k\u00f6nnen bis 2200 G\u00e4ste beherbergen. State-of- the-art- Multimedia-Technologie und Wireless- Internet \u2013Verbindung ist auch Verf\u00fcgbar","og_url":"https:\/\/www.plazatirana.com\/de\/veranstaltungsraume\/","og_site_name":"Maritim Hotel Plaza Tirana","twitter_card":"summary_large_image","twitter_misc":{"Gesch\u00e4tzte Lesezeit":"1 Minute"},"schema":{"@context":"https:\/\/schema.org","@graph":[{"@type":"WebPage","@id":"https:\/\/www.plazatirana.com\/de\/veranstaltungsraume\/","url":"https:\/\/www.plazatirana.com\/de\/veranstaltungsraume\/","name":"Veranstaltungsraume &#8212; Maritim Hotel Plaza Tirana &#8212;","isPartOf":{"@id":"https:\/\/www.plazatirana.com\/de\/#website"},"datePublished":"2021-11-30T11:34:21+00:00","description":"Die Maritim Hotel Plaza Tirana bietet 760 m2 Tagungs- und Veranstaltungsraum und k\u00f6nnen bis 2200 G\u00e4ste beherbergen. State-of- the-art- Multimedia-Technologie und Wireless- Internet \u2013Verbindung ist auch Verf\u00fcgbar","breadcrumb":{"@id":"https:\/\/www.plazatirana.com\/de\/veranstaltungsraume\/#breadcrumb"},"inLanguage":"de-DE","potentialAction":[{"@type":"ReadAction","target":["https:\/\/www.plazatirana.com\/de\/veranstaltungsraume\/"]}]},{"@type":"BreadcrumbList","@id":"https:\/\/www.plazatirana.com\/de\/veranstaltungsraume\/#breadcrumb","itemListElement":[{"@type":"ListItem","position":1,"name":"Home","item":"https:\/\/www.plazatirana.com\/de\/"},{"@type":"ListItem","position":2,"name":"Veranstaltungsraume"}]},{"@type":"WebSite","@id":"https:\/\/www.plazatirana.com\/de\/#website","url":"https:\/\/www.plazatirana.com\/de\/","name":"Maritim Hotel Plaza Tirana","description":"Just another ms.decms.eu site","publisher":{"@id":"https:\/\/www.plazatirana.com\/de\/#organization"},"potentialAction":[{"@type":"SearchAction","target":{"@type":"EntryPoint","urlTemplate":"https:\/\/www.plazatirana.com\/de\/?s={search_term_string}"},"query-input":{"@type":"PropertyValueSpecification","valueRequired":true,"valueName":"search_term_string"}}],"inLanguage":"de-DE"},{"@type":"Organization","@id":"https:\/\/www.plazatirana.com\/de\/#organization","name":"Maritim Hotel Plaza Tirana","url":"https:\/\/www.plazatirana.com\/de\/","logo":{"@type":"ImageObject","inLanguage":"de-DE","@id":"https:\/\/www.plazatirana.com\/de\/#\/schema\/logo\/image\/","url":"https:\/\/www.plazatirana.com\/wp-content\/uploads\/sites\/378\/2021\/11\/Maritim-Hotel-Plaza-Tirana-Logo.png","contentUrl":"https:\/\/www.plazatirana.com\/wp-content\/uploads\/sites\/378\/2021\/11\/Maritim-Hotel-Plaza-Tirana-Logo.png","width":300,"height":224,"caption":"Maritim Hotel Plaza Tirana"},"image":{"@id":"https:\/\/www.plazatirana.com\/de\/#\/schema\/logo\/image\/"}}]}},"acf":[],"_links":{"self":[{"href":"https:\/\/www.plazatirana.com\/de\/wp-json\/wp\/v2\/pages\/456","targetHints":{"allow":["GET"]}}],"collection":[{"href":"https:\/\/www.plazatirana.com\/de\/wp-json\/wp\/v2\/pages"}],"about":[{"href":"https:\/\/www.plazatirana.com\/de\/wp-json\/wp\/v2\/types\/page"}],"author":[{"embeddable":true,"href":"https:\/\/www.plazatirana.com\/de\/wp-json\/wp\/v2\/users\/7"}],"replies":[{"embeddable":true,"href":"https:\/\/www.plazatirana.com\/de\/wp-json\/wp\/v2\/comments?post=456"}],"version-history":[{"count":0,"href":"https:\/\/www.plazatirana.com\/de\/wp-json\/wp\/v2\/pages\/456\/revisions"}],"wp:attachment":[{"href":"https:\/\/www.plazatirana.com\/de\/wp-json\/wp\/v2\/media?parent=456"}],"curies":[{"name":"wp","href":"https:\/\/api.w.org\/{rel}","templated":true}]}}

<p>Die Maritim Hotel Plaza Tirana bietet 760 m2 Tagungs- und Veranstaltungsraum und können bis 2200 Gäste beherbergen. <strong>State-of- the-art- Multimedia-Technologie</strong> und Wireless- Internet –Verbindung ist auch Verfügbar. <strong>Kompetente Veranstaltungsplanung Personal</strong> bietet unverwechselbare Menüs, Dekor, Unterhaltung mit einem Schwerpunkt auf Originalität, Qualität und herausragenden Service an.</p>
<p>Von kleinen Sitzungen bis zu extravaganten Bankett, <strong>ist Maritim Hotel Plaza Tirana</strong> eine bemerkenswerteste Ort für Veranstaltungen aller Art.</p>

<p>Die Maritim Hotel Plaza Tirana bietet 760 m2 Tagungs- und Veranstaltungsraum und können bis 2200 Gäste beherbergen. State-of- the-art- Multimedia-Technologie und Wireless- Internet –Verbindung ist auch Verfügbar. Kompetente Veranstaltungsplanung Personal bietet unverwechselbare Menüs, Dekor, Unterhaltung mit einem Schwerpunkt auf Originalität, Qualität und herausragenden Service an. Von kleinen Sitzungen bis zu extravaganten Bankett, ist Maritim Hotel [&hellip;]</p>

<!-- This site is optimized with the Yoast SEO plugin v26.9 - https://yoast.com/product/yoast-seo-wordpress/ -->
<title>Veranstaltungsraume &#8212; Maritim Hotel Plaza Tirana &#8212;</title>
<meta name="description" content="Die Maritim Hotel Plaza Tirana bietet 760 m2 Tagungs- und Veranstaltungsraum und können bis 2200 Gäste beherbergen. State-of- the-art- Multimedia-Technologie und Wireless- Internet –Verbindung ist auch Verfügbar" />
<meta name="robots" content="index, follow, max-snippet:-1, max-image-preview:large, max-video-preview:-1" />
<link rel="canonical" href="https://www.plazatirana.com/de/veranstaltungsraume/" />
<meta property="og:locale" content="de_DE" />
<meta property="og:type" content="article" />
<meta property="og:title" content="Veranstaltungsraume &#8212; Maritim Hotel Plaza Tirana &#8212;" />
<meta property="og:description" content="Die Maritim Hotel Plaza Tirana bietet 760 m2 Tagungs- und Veranstaltungsraum und können bis 2200 Gäste beherbergen. State-of- the-art- Multimedia-Technologie und Wireless- Internet –Verbindung ist auch Verfügbar" />
<meta property="og:url" content="https://www.plazatirana.com/de/veranstaltungsraume/" />
<meta property="og:site_name" content="Maritim Hotel Plaza Tirana" />
<meta name="twitter:card" content="summary_large_image" />
<meta name="twitter:label1" content="Geschätzte Lesezeit" />
	<meta name="twitter:data1" content="1 Minute" />
<script type="application/ld+json" class="yoast-schema-graph">{"@context":"https://schema.org","@graph":[{"@type":"WebPage","@id":"https://www.plazatirana.com/de/veranstaltungsraume/","url":"https://www.plazatirana.com/de/veranstaltungsraume/","name":"Veranstaltungsraume &#8212; Maritim Hotel Plaza Tirana &#8212;","isPartOf":{"@id":"https://www.plazatirana.com/de/#website"},"datePublished":"2021-11-30T11:34:21+00:00","description":"Die Maritim Hotel Plaza Tirana bietet 760 m2 Tagungs- und Veranstaltungsraum und können bis 2200 Gäste beherbergen. State-of- the-art- Multimedia-Technologie und Wireless- Internet –Verbindung ist auch Verfügbar","breadcrumb":{"@id":"https://www.plazatirana.com/de/veranstaltungsraume/#breadcrumb"},"inLanguage":"de-DE","potentialAction":[{"@type":"ReadAction","target":["https://www.plazatirana.com/de/veranstaltungsraume/"]}]},{"@type":"BreadcrumbList","@id":"https://www.plazatirana.com/de/veranstaltungsraume/#breadcrumb","itemListElement":[{"@type":"ListItem","position":1,"name":"Home","item":"https://www.plazatirana.com/de/"},{"@type":"ListItem","position":2,"name":"Veranstaltungsraume"}]},{"@type":"WebSite","@id":"https://www.plazatirana.com/de/#website","url":"https://www.plazatirana.com/de/","name":"Maritim Hotel Plaza Tirana","description":"Just another ms.decms.eu site","publisher":{"@id":"https://www.plazatirana.com/de/#organization"},"potentialAction":[{"@type":"SearchAction","target":{"@type":"EntryPoint","urlTemplate":"https://www.plazatirana.com/de/?s={search_term_string}"},"query-input":{"@type":"PropertyValueSpecification","valueRequired":true,"valueName":"search_term_string"}}],"inLanguage":"de-DE"},{"@type":"Organization","@id":"https://www.plazatirana.com/de/#organization","name":"Maritim Hotel Plaza Tirana","url":"https://www.plazatirana.com/de/","logo":{"@type":"ImageObject","inLanguage":"de-DE","@id":"https://www.plazatirana.com/de/#/schema/logo/image/","url":"https://www.plazatirana.com/wp-content/uploads/sites/378/2021/11/Maritim-Hotel-Plaza-Tirana-Logo.png","contentUrl":"https://www.plazatirana.com/wp-content/uploads/sites/378/2021/11/Maritim-Hotel-Plaza-Tirana-Logo.png","width":300,"height":224,"caption":"Maritim Hotel Plaza Tirana"},"image":{"@id":"https://www.plazatirana.com/de/#/schema/logo/image/"}}]}</script>
<!-- / Yoast SEO plugin. -->

Die Maritim Hotel Plaza Tirana bietet 760 m2 Tagungs- und Veranstaltungsraum und können bis 2200 Gäste beherbergen. State-of- the-art- Multimedia-Technologie und Wireless- Internet –Verbindung ist auch Verfügbar
